Last updated on 2021-03-03 19:05:46 CET.
Flavor | Version | Tinstall | Tcheck | Ttotal | Status | Flags |
---|---|---|---|---|---|---|
r-devel-linux-x86_64-debian-clang | 1.12 | 2.46 | 29.14 | 31.60 | OK | |
r-devel-linux-x86_64-debian-gcc | 1.12 | 2.13 | 22.64 | 24.77 | OK | |
r-devel-linux-x86_64-fedora-clang | 1.12 | 47.75 | NOTE | |||
r-devel-linux-x86_64-fedora-gcc | 1.12 | 37.20 | NOTE | |||
r-devel-windows-ix86+x86_64 | 1.12 | 7.00 | 44.00 | 51.00 | OK | |
r-patched-linux-x86_64 | 1.12 | 2.66 | 27.52 | 30.18 | OK | |
r-patched-solaris-x86 | 1.12 | 62.50 | NOTE | |||
r-release-linux-x86_64 | 1.12 | 2.23 | 28.12 | 30.35 | OK | |
r-release-macos-x86_64 | 1.12 | NOTE | ||||
r-release-windows-ix86+x86_64 | 1.12 | 5.00 | 35.00 | 40.00 | OK | |
r-oldrel-macos-x86_64 | 1.12 | NOTE | ||||
r-oldrel-windows-ix86+x86_64 | 1.12 | 5.00 | 47.00 | 52.00 | OK |
Version: 1.12
Check: dependencies in R code
Result: NOTE
Namespaces in Imports field not imported from:
‘bitops’ ‘data.table’ ‘dplyr’ ‘httr’
All declared Imports should be used.
Flavors: r-devel-linux-x86_64-fedora-clang, r-devel-linux-x86_64-fedora-gcc, r-patched-solaris-x86, r-release-macos-x86_64, r-oldrel-macos-x86_64