Last updated on 2023-05-28 07:57:31 CEST.
Flavor | Version | Tinstall | Tcheck | Ttotal | Status | Flags |
---|---|---|---|---|---|---|
r-devel-linux-x86_64-debian-clang | 1.0.3 | 2.26 | 23.16 | 25.42 | NOTE | |
r-devel-linux-x86_64-debian-gcc | 1.0.3 | 1.63 | 18.62 | 20.25 | NOTE | |
r-devel-linux-x86_64-fedora-clang | 1.0.3 | 33.90 | NOTE | |||
r-devel-linux-x86_64-fedora-gcc | 1.0.3 | 43.07 | NOTE | |||
r-devel-windows-x86_64 | 1.0.3 | 3.00 | 42.00 | 45.00 | NOTE | |
r-patched-linux-x86_64 | 1.0.3 | 1.52 | 23.12 | 24.64 | NOTE | |
r-release-linux-x86_64 | 1.0.3 | 1.95 | 22.84 | 24.79 | NOTE | |
r-release-macos-arm64 | 1.0.3 | 26.00 | NOTE | |||
r-release-macos-x86_64 | 1.0.3 | 33.00 | NOTE | |||
r-release-windows-x86_64 | 1.0.3 | 4.00 | 42.00 | 46.00 | NOTE | |
r-oldrel-macos-arm64 | 1.0.3 | 18.00 | NOTE | |||
r-oldrel-macos-x86_64 | 1.0.3 | 21.00 | NOTE | |||
r-oldrel-windows-x86_64 | 1.0.3 | 4.00 | 46.00 | 50.00 | NOTE |
Version: 1.0.3
Check: LazyData
Result: NOTE
'LazyData' is specified without a 'data' directory
Flavors: r-devel-linux-x86_64-debian-clang, r-devel-linux-x86_64-debian-gcc, r-devel-linux-x86_64-fedora-clang, r-devel-linux-x86_64-fedora-gcc, r-devel-windows-x86_64, r-patched-linux-x86_64, r-release-linux-x86_64, r-release-macos-arm64, r-release-macos-x86_64, r-release-windows-x86_64, r-oldrel-macos-arm64, r-oldrel-macos-x86_64, r-oldrel-windows-x86_64