Last updated on 2023-12-06 00:58:14 CET.
Flavor | Version | Tinstall | Tcheck | Ttotal | Status | Flags |
---|---|---|---|---|---|---|
r-devel-linux-x86_64-debian-clang | 0.1-3 | 5.36 | 22.94 | 28.30 | WARN | |
r-devel-linux-x86_64-debian-gcc | 0.1-3 | 3.83 | 17.97 | 21.80 | WARN | |
r-devel-linux-x86_64-fedora-clang | 0.1-3 | 37.74 | WARN | |||
r-devel-linux-x86_64-fedora-gcc | 0.1-3 | 36.87 | WARN | |||
r-devel-windows-x86_64 | 0.1-3 | 18.00 | 42.00 | 60.00 | WARN | |
r-patched-linux-x86_64 | 0.1-3 | 5.25 | 23.29 | 28.54 | OK | |
r-release-linux-x86_64 | 0.1-3 | 4.38 | 22.75 | 27.13 | OK | |
r-release-macos-arm64 | 0.1-3 | 24.00 | OK | |||
r-release-macos-x86_64 | 0.1-3 | 30.00 | OK | |||
r-release-windows-x86_64 | 0.1-3 | 20.00 | 41.00 | 61.00 | OK | |
r-oldrel-macos-arm64 | 0.1-3 | 20.00 | OK | |||
r-oldrel-macos-x86_64 | 0.1-3 | 29.00 | OK | |||
r-oldrel-windows-x86_64 | 0.1-3 | 26.00 | 62.00 | 88.00 | OK |
Version: 0.1-3
Check: whether package can be installed
Result: WARN
Found the following significant warnings:
hostname2ip.c:84:116: warning: format specifies type 'int' but the argument has type 'R_xlen_t' (aka 'long') [-Wformat]
See ‘/home/hornik/tmp/R.check/r-devel-clang/Work/PKGS/getip.Rcheck/00install.out’ for details.
* used C compiler: ‘Debian clang version 17.0.5 (1)’
Flavor: r-devel-linux-x86_64-debian-clang
Version: 0.1-3
Check: whether package can be installed
Result: WARN
Found the following significant warnings:
hostname2ip.c:84:85: warning: format ‘%i’ expects argument of type ‘int’, but argument 4 has type ‘R_xlen_t’ {aka ‘long int’} [-Wformat=]
See ‘/home/hornik/tmp/R.check/r-devel-gcc/Work/PKGS/getip.Rcheck/00install.out’ for details.
* used C compiler: ‘gcc-13 (Debian 13.2.0-7) 13.2.0’
Flavor: r-devel-linux-x86_64-debian-gcc
Version: 0.1-3
Check: whether package can be installed
Result: WARN
Found the following significant warnings:
hostname2ip.c:84:116: warning: format specifies type 'int' but the argument has type 'R_xlen_t' (aka 'long') [-Wformat]
See ‘/data/gannet/ripley/R/packages/tests-clang/getip.Rcheck/00install.out’ for details.
* used C compiler: ‘clang version 17.0.5’
Flavor: r-devel-linux-x86_64-fedora-clang
Version: 0.1-3
Check: whether package can be installed
Result: WARN
Found the following significant warnings:
hostname2ip.c:84:85: warning: format '%i' expects argument of type 'int', but argument 4 has type 'R_xlen_t' {aka 'long int'} [-Wformat=]
See ‘/data/gannet/ripley/R/packages/tests-devel/getip.Rcheck/00install.out’ for details.
* used C compiler: ‘gcc-13 (GCC) 13.2.0’
Flavor: r-devel-linux-x86_64-fedora-gcc
Version: 0.1-3
Check: whether package can be installed
Result: WARN
Found the following significant warnings:
hostname2ip.c:173:114: warning: format '%i' expects argument of type 'int', but argument 3 has type 'R_xlen_t' {aka 'long long int'} [-Wformat=]
ip_internal.c:247:50: warning: format '%d' expects argument of type 'int', but argument 2 has type 'DWORD' {aka 'long unsigned int'} [-Wformat=]
See 'd:/Rcompile/CRANpkg/local/4.4/getip.Rcheck/00install.out' for details.
* used C compiler: 'gcc.exe (GCC) 12.3.0'
Flavor: r-devel-windows-x86_64