Last updated on 2023-06-03 05:52:30 CEST.
Flavor | Version | Tinstall | Tcheck | Ttotal | Status | Flags |
---|---|---|---|---|---|---|
r-devel-linux-x86_64-debian-clang | 0.1.4 | 7.01 | 788.87 | 795.88 | OK | |
r-devel-linux-x86_64-debian-gcc | 0.1.4 | 6.18 | 1056.38 | 1062.56 | OK | |
r-devel-linux-x86_64-fedora-clang | 0.1.4 | 1063.15 | OK | |||
r-devel-linux-x86_64-fedora-gcc | 0.1.4 | 1234.60 | OK | |||
r-devel-windows-x86_64 | 0.1.4 | 9.00 | 561.00 | 570.00 | OK | |
r-patched-linux-x86_64 | 0.1.4 | OK | ||||
r-release-linux-x86_64 | 0.1.4 | 5.49 | 771.47 | 776.96 | OK | |
r-release-macos-arm64 | 0.1.4 | 282.00 | OK | |||
r-release-macos-x86_64 | 0.1.3 | 240.00 | NOTE | |||
r-release-windows-x86_64 | 0.1.4 | 10.00 | 685.00 | 695.00 | OK | |
r-oldrel-macos-arm64 | 0.1.4 | 279.00 | OK | |||
r-oldrel-macos-x86_64 | 0.1.4 | 356.00 | OK | |||
r-oldrel-windows-x86_64 | 0.1.4 | 10.00 | 644.00 | 654.00 | OK |
Version: 0.1.3
Check: package dependencies
Result: NOTE
Package suggested but not available for checking: ‘plm’
Flavor: r-release-macos-x86_64