CRAN Package Check Results for Package gettz

Last updated on 2018-01-22 02:49:10 CET.

Flavor Version Tinstall Tcheck Ttotal Status Flags
r-devel-linux-x86_64-debian-clang 0.0.3 1.32 13.40 14.72 NOTE
r-devel-linux-x86_64-debian-gcc 0.0.3 1.04 11.82 12.86 NOTE
r-devel-linux-x86_64-fedora-clang 0.0.3 19.97 NOTE
r-devel-linux-x86_64-fedora-gcc 0.0.3 18.09 NOTE
r-devel-windows-ix86+x86_64 0.0.3 6.00 30.00 36.00 OK
r-patched-linux-x86_64 0.0.3 1.29 13.19 14.48 NOTE
r-patched-solaris-x86 0.0.3 29.80 OK
r-release-linux-x86_64 0.0.3 1.11 13.24 14.35 NOTE
r-release-windows-ix86+x86_64 0.0.3 5.00 27.00 32.00 OK
r-release-osx-x86_64 0.0.3 OK
r-oldrel-windows-ix86+x86_64 0.0.3 12.00 54.00 66.00 OK
r-oldrel-osx-x86_64 0.0.3 OK

Check Details

Version: 0.0.3
Check: compiled code
Result: NOTE
    File ‘gettz/libs/gettz.so’:
     Found no calls to: ‘R_registerRoutines’, ‘R_useDynamicSymbols’
    
    It is good practice to register native routines and to disable symbol
    search.
    
    See ‘Writing portable packages’ in the ‘Writing R Extensions’ manual.
Flavors: r-devel-linux-x86_64-debian-clang, r-devel-linux-x86_64-debian-gcc, r-devel-linux-x86_64-fedora-clang, r-devel-linux-x86_64-fedora-gcc, r-patched-linux-x86_64, r-release-linux-x86_64