CRAN Package Check Results for Package gettz

Last updated on 2018-10-21 12:46:29 CEST.

Flavor Version Tinstall Tcheck Ttotal Status Flags
r-devel-linux-x86_64-debian-clang 0.0.3 1.37 16.20 17.57 OK
r-devel-linux-x86_64-debian-gcc 0.0.3 1.20 13.20 14.40 OK
r-devel-linux-x86_64-fedora-clang 0.0.3 21.57 NOTE
r-devel-linux-x86_64-fedora-gcc 0.0.3 19.90 NOTE
r-devel-windows-ix86+x86_64 0.0.3 5.00 44.00 49.00 OK
r-patched-linux-x86_64 0.0.3 1.36 14.73 16.09 OK
r-patched-solaris-x86 0.0.3 34.50 OK
r-release-linux-x86_64 0.0.3 1.10 14.73 15.83 OK
r-release-windows-ix86+x86_64 0.0.3 7.00 30.00 37.00 OK
r-release-osx-x86_64 0.0.3 OK
r-oldrel-windows-ix86+x86_64 0.0.3 5.00 27.00 32.00 OK
r-oldrel-osx-x86_64 0.0.3 OK

Check Details

Version: 0.0.3
Check: compiled code
Result: NOTE
    File ‘gettz/libs/gettz.so’:
     Found no calls to: ‘R_registerRoutines’, ‘R_useDynamicSymbols’
    
    It is good practice to register native routines and to disable symbol
    search.
    
    See ‘Writing portable packages’ in the ‘Writing R Extensions’ manual.
Flavors: r-devel-linux-x86_64-fedora-clang, r-devel-linux-x86_64-fedora-gcc