CRAN Package Check Results for Package gettz

Last updated on 2017-11-18 21:52:47.

Flavor Version Tinstall Tcheck Ttotal Status Flags
r-devel-linux-x86_64-debian-clang 0.0.3 0.96 9.21 10.17 NOTE
r-devel-linux-x86_64-debian-gcc 0.0.3 1.10 10.10 11.20 NOTE
r-devel-linux-x86_64-fedora-clang 0.0.3 16.72 NOTE
r-devel-linux-x86_64-fedora-gcc 0.0.3 15.92 NOTE
r-devel-windows-ix86+x86_64 0.0.3 6.00 28.00 34.00 OK
r-patched-linux-x86_64 0.0.3 0.92 9.37 10.29 NOTE
r-patched-solaris-x86 0.0.3 26.80 OK
r-release-linux-x86_64 0.0.3 0.96 9.50 10.47 NOTE
r-release-windows-ix86+x86_64 0.0.3 5.00 27.00 32.00 OK
r-release-osx-x86_64 0.0.3 OK
r-oldrel-windows-ix86+x86_64 0.0.3 12.00 54.00 66.00 OK
r-oldrel-osx-x86_64 0.0.3 OK

Check Details

Version: 0.0.3
Check: compiled code
Result: NOTE
    File ‘gettz/libs/gettz.so’:
     Found no calls to: ‘R_registerRoutines’, ‘R_useDynamicSymbols’
    
    It is good practice to register native routines and to disable symbol
    search.
    
    See ‘Writing portable packages’ in the ‘Writing R Extensions’ manual.
Flavors: r-devel-linux-x86_64-debian-clang, r-devel-linux-x86_64-debian-gcc, r-devel-linux-x86_64-fedora-clang, r-devel-linux-x86_64-fedora-gcc, r-patched-linux-x86_64, r-release-linux-x86_64