Last updated on 2022-06-27 21:51:20 CEST.
Flavor | Version | Tinstall | Tcheck | Ttotal | Status | Flags |
---|---|---|---|---|---|---|
r-devel-linux-x86_64-debian-clang | 0.9.0 | 2.14 | 25.48 | 27.62 | OK | |
r-devel-linux-x86_64-debian-gcc | 0.9.0 | 1.56 | 20.15 | 21.71 | OK | |
r-devel-linux-x86_64-fedora-clang | 0.9.0 | 43.99 | OK | |||
r-devel-linux-x86_64-fedora-gcc | 0.9.0 | 43.69 | OK | |||
r-devel-windows-x86_64 | 0.9.0 | 16.00 | 61.00 | 77.00 | OK | |
r-patched-linux-x86_64 | 0.9.0 | 2.27 | 25.29 | 27.56 | OK | |
r-release-linux-x86_64 | 0.9.0 | 1.77 | 24.94 | 26.71 | OK | |
r-release-macos-arm64 | 0.9.0 | 32.00 | OK | |||
r-release-macos-x86_64 | 0.9.0 | 54.00 | OK | |||
r-release-windows-x86_64 | 0.9.0 | 13.00 | 60.00 | 73.00 | OK | |
r-oldrel-macos-arm64 | 0.9.0 | 34.00 | OK | |||
r-oldrel-macos-x86_64 | 0.9.0 | 57.00 | OK | |||
r-oldrel-windows-ix86+x86_64 | 0.9.0 | 6.00 | 44.00 | 50.00 | ERROR |
Version: 0.9.0
Check: examples
Result: ERROR
Running examples in 'getwiki-Ex.R' failed
The error most likely occurred in:
> ### Name: get_wiki
> ### Title: Get the Text of a Wikipedia Article
> ### Aliases: get_wiki
>
> ### ** Examples
>
> get_wiki("United States")
Error: Required package curl not found. Please run: install.packages('curl')
Execution halted
Flavor: r-oldrel-windows-ix86+x86_64