Last updated on 2023-04-01 07:10:39 CEST.
Flavor | Version | Tinstall | Tcheck | Ttotal | Status | Flags |
---|---|---|---|---|---|---|
r-devel-linux-x86_64-debian-clang | 1.0-1 | 5.49 | 46.17 | 51.66 | NOTE | |
r-devel-linux-x86_64-debian-gcc | 1.0-1 | 4.58 | 34.96 | 39.54 | NOTE | |
r-devel-linux-x86_64-fedora-clang | 1.0-1 | 64.09 | NOTE | |||
r-devel-linux-x86_64-fedora-gcc | 1.0-1 | 72.93 | NOTE | |||
r-devel-windows-x86_64 | 1.0-1 | 18.00 | 70.00 | 88.00 | NOTE | |
r-patched-linux-x86_64 | 1.0-1 | 5.41 | 43.69 | 49.10 | NOTE | |
r-release-linux-x86_64 | 1.0-1 | 5.56 | 46.38 | 51.94 | OK | |
r-release-macos-arm64 | 1.0-1 | 35.00 | OK | |||
r-release-macos-x86_64 | 1.0-1 | 44.00 | OK | |||
r-release-windows-x86_64 | 1.0-1 | 22.00 | 83.00 | 105.00 | OK | |
r-oldrel-macos-arm64 | 1.0-1 | 49.00 | OK | |||
r-oldrel-macos-x86_64 | 1.0-1 | 60.00 | OK | |||
r-oldrel-windows-ix86+x86_64 | 1.0-1 | 11.00 | 70.00 | 81.00 | OK |
Version: 1.0-1
Check: Rd files
Result: NOTE
checkRd: (-1) gexp.Rd:123: Escaped LaTeX specials: \&
Flavors: r-devel-linux-x86_64-debian-clang, r-devel-linux-x86_64-debian-gcc, r-devel-linux-x86_64-fedora-clang, r-devel-linux-x86_64-fedora-gcc, r-devel-windows-x86_64, r-patched-linux-x86_64