CRAN Package Check Results for Package gfiExtremes

Last updated on 2023-03-27 02:52:14 CEST.

Flavor Version Tinstall Tcheck Ttotal Status Flags
r-devel-linux-x86_64-debian-clang 1.0.0 44.32 36.61 80.93 NOTE
r-devel-linux-x86_64-debian-gcc 1.0.0 29.21 28.14 57.35 NOTE
r-devel-linux-x86_64-fedora-clang 1.0.0 111.63 NOTE
r-devel-linux-x86_64-fedora-gcc 1.0.0 110.45 NOTE
r-patched-linux-x86_64 1.0.0 38.40 35.59 73.99 NOTE
r-release-linux-x86_64 1.0.0 39.04 37.07 76.11 OK
r-release-macos-arm64 1.0.0 60.00 OK
r-release-macos-x86_64 1.0.0 76.00 OK
r-release-windows-x86_64 1.0.0 51.00 163.00 214.00 OK
r-oldrel-macos-arm64 1.0.0 70.00 OK
r-oldrel-macos-x86_64 1.0.0 115.00 OK
r-oldrel-windows-ix86+x86_64 1.0.0 98.00 180.00 278.00 OK

Check Details

Version: 1.0.0
Check: C++ specification
Result: NOTE
     Specified C++11: please drop specification unless essential
Flavors: r-devel-linux-x86_64-debian-clang, r-devel-linux-x86_64-debian-gcc, r-devel-linux-x86_64-fedora-clang, r-devel-linux-x86_64-fedora-gcc, r-patched-linux-x86_64