CRAN Package Check Results for Package gfiUltra

Last updated on 2023-03-29 01:51:29 CEST.

Flavor Version Tinstall Tcheck Ttotal Status Flags
r-devel-linux-x86_64-debian-clang 1.0.0 8.30 77.82 86.12 NOTE
r-devel-linux-x86_64-debian-gcc 1.0.0 6.54 60.35 66.89 NOTE
r-devel-linux-x86_64-fedora-clang 1.0.0 105.71 NOTE
r-devel-linux-x86_64-fedora-gcc 1.0.0 101.67 NOTE
r-devel-windows-x86_64 1.0.0 14.00 0.00 14.00 NOTE
r-patched-linux-x86_64 1.0.0 9.17 73.94 83.11 NOTE
r-release-linux-x86_64 1.0.0 7.81 74.35 82.16 NOTE
r-release-macos-arm64 1.0.0 31.00 NOTE
r-release-macos-x86_64 1.0.0 44.00 NOTE
r-release-windows-x86_64 1.0.0 15.00 102.00 117.00 NOTE
r-oldrel-macos-arm64 1.0.0 37.00 NOTE
r-oldrel-macos-x86_64 1.0.0 51.00 NOTE
r-oldrel-windows-ix86+x86_64 1.0.0 18.00 109.00 127.00 NOTE

Check Details

Version: 1.0.0
Check: LazyData
Result: NOTE
     'LazyData' is specified without a 'data' directory
Flavors: r-devel-linux-x86_64-debian-clang, r-devel-linux-x86_64-debian-gcc, r-devel-linux-x86_64-fedora-clang, r-devel-linux-x86_64-fedora-gcc, r-devel-windows-x86_64, r-patched-linux-x86_64, r-release-linux-x86_64, r-release-macos-arm64, r-release-macos-x86_64, r-release-windows-x86_64, r-oldrel-macos-arm64, r-oldrel-macos-x86_64, r-oldrel-windows-ix86+x86_64