CRAN Package Check Results for Package gfiUltra

Last updated on 2022-10-02 08:55:14 CEST.

Flavor Version Tinstall Tcheck Ttotal Status Flags
r-devel-linux-x86_64-debian-clang 1.0.0 7.90 76.95 84.85 NOTE
r-devel-linux-x86_64-debian-gcc 1.0.0 6.99 58.97 65.96 NOTE
r-devel-linux-x86_64-fedora-clang 1.0.0 114.13 NOTE
r-devel-linux-x86_64-fedora-gcc 1.0.0 119.68 NOTE
r-devel-windows-x86_64 1.0.0 14.00 103.00 117.00 NOTE
r-patched-linux-x86_64 1.0.0 8.94 73.38 82.32 NOTE
r-release-linux-x86_64 1.0.0 7.73 73.98 81.71 NOTE
r-release-macos-arm64 1.0.0 31.00 NOTE
r-release-macos-x86_64 1.0.0 44.00 NOTE
r-release-windows-x86_64 1.0.0 13.00 98.00 111.00 NOTE
r-oldrel-macos-arm64 1.0.0 37.00 NOTE
r-oldrel-macos-x86_64 1.0.0 51.00 NOTE
r-oldrel-windows-ix86+x86_64 1.0.0 18.00 97.00 115.00 NOTE

Check Details

Version: 1.0.0
Check: LazyData
Result: NOTE
     'LazyData' is specified without a 'data' directory
Flavors: r-devel-linux-x86_64-debian-clang, r-devel-linux-x86_64-debian-gcc, r-devel-linux-x86_64-fedora-clang, r-devel-linux-x86_64-fedora-gcc, r-devel-windows-x86_64, r-patched-linux-x86_64, r-release-linux-x86_64, r-release-macos-arm64, r-release-macos-x86_64, r-release-windows-x86_64, r-oldrel-macos-arm64, r-oldrel-macos-x86_64, r-oldrel-windows-ix86+x86_64