CRAN Package Check Results for Package gfilmm

Last updated on 2022-10-02 07:54:26 CEST.

Flavor Version Tinstall Tcheck Ttotal Status Flags
r-devel-linux-x86_64-debian-clang 2.0.5 145.20 249.27 394.47 OK
r-devel-linux-x86_64-debian-gcc 2.0.5 83.02 178.71 261.73 OK
r-devel-linux-x86_64-fedora-clang 2.0.5 442.12 OK
r-devel-linux-x86_64-fedora-gcc 2.0.5 460.82 OK
r-devel-windows-x86_64 2.0.5 72.00 297.00 369.00 OK
r-patched-linux-x86_64 2.0.5 90.37 228.61 318.98 OK
r-release-linux-x86_64 2.0.5 67.50 229.21 296.71 OK
r-release-macos-arm64 2.0.5 149.00 NOTE
r-release-macos-x86_64 2.0.5 190.00 NOTE
r-release-windows-x86_64 2.0.5 67.00 291.00 358.00 OK
r-oldrel-macos-arm64 2.0.5 145.00 NOTE
r-oldrel-macos-x86_64 2.0.5 190.00 NOTE
r-oldrel-windows-ix86+x86_64 2.0.5 211.00 306.00 517.00 OK

Check Details

Version: 2.0.5
Check: installed package size
Result: NOTE
     installed size is 35.0Mb
     sub-directories of 1Mb or more:
     libs 34.4Mb
Flavors: r-release-macos-arm64, r-release-macos-x86_64, r-oldrel-macos-arm64, r-oldrel-macos-x86_64