Last updated on 2023-03-31 04:51:48 CEST.
Flavor | Version | Tinstall | Tcheck | Ttotal | Status | Flags |
---|---|---|---|---|---|---|
r-devel-linux-x86_64-debian-clang | 2.0.5 | 115.97 | 254.04 | 370.01 | NOTE | |
r-devel-linux-x86_64-debian-gcc | 2.0.5 | 90.35 | 179.00 | 269.35 | NOTE | |
r-devel-linux-x86_64-fedora-clang | 2.0.5 | 439.46 | NOTE | |||
r-devel-linux-x86_64-fedora-gcc | 2.0.5 | 447.20 | NOTE | |||
r-devel-windows-x86_64 | 2.0.5 | 83.00 | 273.00 | 356.00 | NOTE | |
r-patched-linux-x86_64 | 2.0.5 | 87.13 | 233.37 | 320.50 | NOTE | |
r-release-linux-x86_64 | 2.0.5 | 69.35 | 233.79 | 303.14 | OK | |
r-release-macos-arm64 | 2.0.5 | 149.00 | NOTE | |||
r-release-macos-x86_64 | 2.0.5 | 190.00 | NOTE | |||
r-release-windows-x86_64 | 2.0.5 | 69.00 | 292.00 | 361.00 | OK | |
r-oldrel-macos-arm64 | 2.0.5 | 145.00 | NOTE | |||
r-oldrel-macos-x86_64 | 2.0.5 | 190.00 | NOTE | |||
r-oldrel-windows-ix86+x86_64 | 2.0.5 | 215.00 | 282.00 | 497.00 | OK |
Version: 2.0.5
Check: C++ specification
Result: NOTE
Specified C++11: please drop specification unless essential
Flavors: r-devel-linux-x86_64-debian-clang, r-devel-linux-x86_64-debian-gcc, r-devel-linux-x86_64-fedora-clang, r-devel-linux-x86_64-fedora-gcc, r-devel-windows-x86_64, r-patched-linux-x86_64
Version: 2.0.5
Check: installed package size
Result: NOTE
installed size is 35.0Mb
sub-directories of 1Mb or more:
libs 34.4Mb
Flavors: r-release-macos-arm64, r-release-macos-x86_64, r-oldrel-macos-arm64, r-oldrel-macos-x86_64