CRAN Package Check Results for Package gfilmm

Last updated on 2021-05-14 11:50:45 CEST.

Flavor Version Tinstall Tcheck Ttotal Status Flags
r-devel-linux-x86_64-debian-clang 2.0.3 108.09 242.69 350.78 OK
r-devel-linux-x86_64-debian-gcc 2.0.3 82.72 170.93 253.65 OK
r-devel-linux-x86_64-fedora-clang 2.0.3 439.86 NOTE
r-devel-linux-x86_64-fedora-gcc 2.0.3 408.84 OK
r-devel-windows-ix86+x86_64 2.0.3 208.00 211.00 419.00 OK
r-devel-windows-x86_64-gcc10-UCRT 2.0.3 OK
r-patched-linux-x86_64 2.0.3 89.13 215.28 304.41 OK
r-patched-solaris-x86 2.0.3 558.80 OK
r-release-linux-x86_64 2.0.3 91.59 212.92 304.51 OK
r-release-macos-x86_64 2.0.3 NOTE
r-release-windows-ix86+x86_64 2.0.3 149.00 291.00 440.00 OK
r-oldrel-macos-x86_64 2.0.3 NOTE
r-oldrel-windows-ix86+x86_64 2.0.3 185.00 266.00 451.00 OK

Check Details

Version: 2.0.3
Check: installed package size
Result: NOTE
     installed size is 33.2Mb
     sub-directories of 1Mb or more:
     libs 32.5Mb
Flavors: r-devel-linux-x86_64-fedora-clang, r-release-macos-x86_64, r-oldrel-macos-x86_64