Last updated on 2023-03-29 01:51:29 CEST.
Flavor | Version | Tinstall | Tcheck | Ttotal | Status | Flags |
---|---|---|---|---|---|---|
r-devel-linux-x86_64-debian-clang | 1.0.2 | 46.27 | 108.63 | 154.90 | NOTE | |
r-devel-linux-x86_64-debian-gcc | 1.0.2 | 42.48 | 82.86 | 125.34 | NOTE | |
r-devel-linux-x86_64-fedora-clang | 1.0.2 | 205.47 | NOTE | |||
r-devel-linux-x86_64-fedora-gcc | 1.0.2 | 203.42 | NOTE | |||
r-devel-windows-x86_64 | 1.0.2 | 60.00 | 151.00 | 211.00 | NOTE | |
r-patched-linux-x86_64 | 1.0.2 | 47.12 | 105.87 | 152.99 | NOTE | |
r-release-linux-x86_64 | 1.0.2 | 31.41 | 102.68 | 134.09 | OK | |
r-release-macos-arm64 | 1.0.2 | 53.00 | OK | |||
r-release-macos-x86_64 | 1.0.2 | 90.00 | OK | |||
r-release-windows-x86_64 | 1.0.2 | 59.00 | 161.00 | 220.00 | OK | |
r-oldrel-macos-arm64 | 1.0.2 | 51.00 | OK | |||
r-oldrel-macos-x86_64 | 1.0.2 | 76.00 | OK | |||
r-oldrel-windows-ix86+x86_64 | 1.0.2 | 119.00 | 190.00 | 309.00 | OK |
Version: 1.0.2
Check: C++ specification
Result: NOTE
Specified C++11: please drop specification unless essential
Flavors: r-devel-linux-x86_64-debian-clang, r-devel-linux-x86_64-debian-gcc, r-devel-linux-x86_64-fedora-clang, r-devel-linux-x86_64-fedora-gcc, r-devel-windows-x86_64, r-patched-linux-x86_64