Last updated on 2023-03-28 10:51:36 CEST.
Flavor | Version | Tinstall | Tcheck | Ttotal | Status | Flags |
---|---|---|---|---|---|---|
r-devel-linux-x86_64-debian-clang | 0.2.0 | 5.13 | 49.10 | 54.23 | OK | |
r-devel-linux-x86_64-debian-gcc | 0.2.0 | 4.43 | 38.67 | 43.10 | OK | |
r-devel-linux-x86_64-fedora-clang | 0.2.0 | 67.28 | OK | |||
r-devel-linux-x86_64-fedora-gcc | 0.2.0 | 74.73 | OK | |||
r-devel-windows-x86_64 | 0.2.0 | 109.00 | 96.00 | 205.00 | OK | |
r-patched-linux-x86_64 | 0.2.0 | 5.28 | 48.61 | 53.89 | OK | |
r-release-linux-x86_64 | 0.2.0 | 4.99 | 49.55 | 54.54 | OK | |
r-release-macos-arm64 | 0.2.0 | 29.00 | OK | |||
r-release-macos-x86_64 | 0.2.0 | 39.00 | OK | |||
r-release-windows-x86_64 | 0.2.0 | 159.00 | 94.00 | 253.00 | OK | |
r-oldrel-macos-arm64 | 0.2.0 | 32.00 | OK | |||
r-oldrel-macos-x86_64 | 0.2.0 | 41.00 | OK | |||
r-oldrel-windows-ix86+x86_64 | 0.2.0 | 15.00 | 91.00 | 106.00 | NOTE |
Version: 0.2.0
Check: R code for possible problems
Result: NOTE
Initiating curl with CURL_SSL_BACKEND: openssl
Flavor: r-oldrel-windows-ix86+x86_64