Last updated on 2023-03-28 00:51:49 CEST.
Flavor | Version | Tinstall | Tcheck | Ttotal | Status | Flags |
---|---|---|---|---|---|---|
r-devel-linux-x86_64-debian-clang | 1.1.0 | 79.20 | 32.34 | 111.54 | NOTE | |
r-devel-linux-x86_64-debian-gcc | 1.1.0 | 55.16 | 24.92 | 80.08 | NOTE | |
r-devel-linux-x86_64-fedora-clang | 1.1.1 | 206.14 | OK | |||
r-devel-linux-x86_64-fedora-gcc | 1.1.1 | 182.79 | NOTE | |||
r-devel-windows-x86_64 | 1.1.1 | 66.00 | 76.00 | 142.00 | OK | |
r-patched-linux-x86_64 | 1.1.0 | 64.17 | 31.46 | 95.63 | NOTE | |
r-release-linux-x86_64 | 1.1.0 | 61.89 | 31.18 | 93.07 | OK | |
r-release-macos-arm64 | 1.1.0 | 40.00 | OK | |||
r-release-macos-x86_64 | 1.1.0 | 53.00 | OK | |||
r-release-windows-x86_64 | 1.1.0 | 77.00 | 85.00 | 162.00 | OK | |
r-oldrel-macos-arm64 | 1.1.0 | 37.00 | OK | |||
r-oldrel-macos-x86_64 | 1.1.0 | 53.00 | OK | |||
r-oldrel-windows-ix86+x86_64 | 1.1.0 | 189.00 | 82.00 | 271.00 | OK |
Version: 1.1.0
Check: C++ specification
Result: NOTE
Specified C++11: please drop specification unless essential
Flavors: r-devel-linux-x86_64-debian-clang, r-devel-linux-x86_64-debian-gcc, r-patched-linux-x86_64
Version: 1.1.1
Check: for non-standard things in the check directory
Result: NOTE
Found the following files/directories:
‘gfpop.data’
Flavor: r-devel-linux-x86_64-fedora-gcc