CRAN Package Check Results for Package gg.gap

Last updated on 2023-06-06 16:03:39 CEST.

Flavor Version Tinstall Tcheck Ttotal Status Flags
r-devel-linux-x86_64-debian-clang 1.3 5.62 49.85 55.47 NOTE
r-devel-linux-x86_64-debian-gcc 1.3 4.08 38.15 42.23 NOTE
r-devel-linux-x86_64-fedora-clang 1.3 67.50 NOTE
r-devel-linux-x86_64-fedora-gcc 1.3 64.45 NOTE
r-devel-windows-x86_64 1.3 7.00 54.00 61.00 NOTE
r-patched-linux-x86_64 1.3 4.96 46.42 51.38 NOTE
r-release-linux-x86_64 1.3 4.59 46.18 50.77 NOTE
r-release-macos-arm64 1.3 27.00 NOTE
r-release-macos-x86_64 1.3 34.00 NOTE
r-release-windows-x86_64 1.3 8.00 60.00 68.00 NOTE
r-oldrel-macos-arm64 1.3 23.00 NOTE
r-oldrel-macos-x86_64 1.3 42.00 NOTE
r-oldrel-windows-x86_64 1.3 8.00 69.00 77.00 NOTE

Check Details

Version: 1.3
Check: LazyData
Result: NOTE
     'LazyData' is specified without a 'data' directory
Flavors: r-devel-linux-x86_64-debian-clang, r-devel-linux-x86_64-debian-gcc, r-devel-linux-x86_64-fedora-clang, r-devel-linux-x86_64-fedora-gcc, r-devel-windows-x86_64, r-patched-linux-x86_64, r-release-linux-x86_64, r-release-macos-arm64, r-release-macos-x86_64, r-release-windows-x86_64, r-oldrel-macos-arm64, r-oldrel-macos-x86_64, r-oldrel-windows-x86_64