CRAN Package Check Results for Package ggExtra

Last updated on 2022-07-06 18:51:36 CEST.

Flavor Version Tinstall Tcheck Ttotal Status Flags
r-devel-linux-x86_64-debian-clang 0.10.0 6.59 57.80 64.39 NOTE
r-devel-linux-x86_64-debian-gcc 0.10.0 5.64 44.92 50.56 NOTE
r-devel-linux-x86_64-fedora-clang 0.10.0 86.67 NOTE
r-devel-linux-x86_64-fedora-gcc 0.10.0 85.38 NOTE
r-devel-windows-x86_64 0.10.0 310.00 97.00 407.00 OK
r-patched-linux-x86_64 0.10.0 6.79 56.51 63.30 NOTE
r-release-linux-x86_64 0.10.0 7.51 57.96 65.47 NOTE
r-release-macos-arm64 0.10.0 35.00 NOTE
r-release-macos-x86_64 0.10.0 52.00 NOTE
r-release-windows-x86_64 0.10.0 414.00 100.00 514.00 OK
r-oldrel-macos-arm64 0.10.0 31.00 NOTE
r-oldrel-macos-x86_64 0.10.0 41.00 NOTE
r-oldrel-windows-ix86+x86_64 0.10.0 16.00 81.00 97.00 OK

Check Details

Version: 0.10.0
Check: R code for possible problems
Result: NOTE
    Found the following assignments to the global environment:
    File 'ggExtra/R/ggMarginalGadget.R':
     assign(plotname, eval(parse(text = origPlot)), envir = .GlobalEnv)
Flavors: r-devel-linux-x86_64-debian-clang, r-devel-linux-x86_64-debian-gcc, r-devel-linux-x86_64-fedora-clang, r-patched-linux-x86_64, r-release-linux-x86_64

Version: 0.10.0
Check: dependencies in R code
Result: NOTE
    Namespaces in Imports field not imported from:
     ‘R6’ ‘grDevices’ ‘scales’ ‘utils’
     All declared Imports should be used.
Flavors: r-devel-linux-x86_64-fedora-clang, r-devel-linux-x86_64-fedora-gcc, r-release-macos-arm64, r-release-macos-x86_64, r-oldrel-macos-arm64, r-oldrel-macos-x86_64