CRAN Package Check Results for Package ggHoriPlot

Last updated on 2021-10-26 21:51:03 CEST.

Flavor Version Tinstall Tcheck Ttotal Status Flags
r-devel-linux-x86_64-debian-clang 1.0.0 6.33 175.48 181.81 OK
r-devel-linux-x86_64-debian-gcc 1.0.0 5.29 125.29 130.58 OK
r-devel-linux-x86_64-fedora-clang 1.0.0 209.04 NOTE
r-devel-linux-x86_64-fedora-gcc 1.0.0 200.14 OK
r-devel-windows-x86_64 1.0.0 11.00 214.00 225.00 OK
r-devel-windows-x86_64-gcc10-UCRT 1.0.0 OK
r-patched-linux-x86_64 1.0.0 6.68 166.56 173.24 OK
r-patched-solaris-x86 1.0.0 112.00 OK
r-release-linux-x86_64 1.0.0 5.15 165.27 170.42 OK
r-release-macos-arm64 1.0.0 OK
r-release-macos-x86_64 1.0.0 OK
r-release-windows-ix86+x86_64 1.0.0 11.00 219.00 230.00 OK
r-oldrel-macos-x86_64 1.0.0 OK
r-oldrel-windows-ix86+x86_64 1.0.0 16.00 212.00 228.00 OK

Check Details

Version: 1.0.0
Check: Rd cross-references
Result: NOTE
    Undeclared package ‘rlang’ in Rd xrefs
Flavor: r-devel-linux-x86_64-fedora-clang