CRAN Package Check Results for Package ggOceanMaps

Last updated on 2024-02-22 23:51:24 CET.

Flavor Version Tinstall Tcheck Ttotal Status Flags
r-devel-linux-x86_64-debian-clang 2.2.0 OK
r-devel-linux-x86_64-debian-gcc 2.2.0 25.67 85.57 111.24 OK
r-devel-linux-x86_64-fedora-clang 2.2.0 184.24 NOTE
r-devel-linux-x86_64-fedora-gcc 2.2.0 182.85 NOTE
r-devel-windows-x86_64 2.2.0 28.00 98.00 126.00 OK
r-patched-linux-x86_64 2.2.0 32.44 110.42 142.86 OK
r-release-linux-x86_64 2.2.0 29.24 107.24 136.48 OK
r-release-macos-arm64 2.2.0 65.00 OK
r-release-macos-x86_64 2.2.0 136.00 OK
r-release-windows-x86_64 2.2.0 36.00 121.00 157.00 OK
r-oldrel-macos-arm64 2.2.0 67.00 OK
r-oldrel-windows-x86_64 2.2.0 38.00 127.00 165.00 OK

Check Details

Version: 2.2.0
Check: data for non-ASCII characters
Result: NOTE Note: found 1 marked UTF-8 string Flavors: r-devel-linux-x86_64-fedora-clang, r-devel-linux-x86_64-fedora-gcc