CRAN Package Check Results for Package ggOceanMaps

Last updated on 2021-02-25 07:49:46 CET.

Flavor Version Tinstall Tcheck Ttotal Status Flags
r-devel-linux-x86_64-debian-clang 1.0.9 14.88 332.88 347.76 NOTE
r-devel-linux-x86_64-debian-gcc 1.0.9 12.07 246.62 258.69 NOTE
r-devel-linux-x86_64-fedora-clang 1.0.9 487.06 NOTE
r-devel-linux-x86_64-fedora-gcc 1.0.9 485.96 NOTE
r-devel-windows-ix86+x86_64 1.0.9 27.00 320.00 347.00 NOTE
r-patched-linux-x86_64 1.0.9 12.99 318.68 331.67 NOTE
r-patched-solaris-x86 1.0.9 559.50 NOTE
r-release-linux-x86_64 1.0.9 14.15 312.40 326.55 NOTE
r-release-macos-x86_64 1.0.9 NOTE
r-release-windows-ix86+x86_64 1.0.9 35.00 501.00 536.00 NOTE
r-oldrel-macos-x86_64 1.0.9 NOTE
r-oldrel-windows-ix86+x86_64 1.0.9 19.00 431.00 450.00 NOTE

Check Details

Version: 1.0.9
Check: package dependencies
Result: NOTE
    Package suggested but not available for checking: 'ggOceanMapsData'
Flavors: r-devel-linux-x86_64-debian-clang, r-devel-linux-x86_64-debian-gcc, r-devel-linux-x86_64-fedora-clang, r-devel-linux-x86_64-fedora-gcc, r-devel-windows-ix86+x86_64, r-patched-linux-x86_64, r-patched-solaris-x86, r-release-linux-x86_64, r-release-macos-x86_64, r-release-windows-ix86+x86_64, r-oldrel-macos-x86_64, r-oldrel-windows-ix86+x86_64

Version: 1.0.9
Check: for non-standard things in the check directory
Result: NOTE
    Found the following files/directories:
     ‘ggOceanMapsData’
Flavor: r-devel-linux-x86_64-fedora-gcc