CRAN Package Check Results for Package ggQQunif

Last updated on 2021-12-08 15:50:45 CET.

Flavor Version Tinstall Tcheck Ttotal Status Flags
r-devel-linux-x86_64-debian-clang 0.1.5 3.61 36.90 40.51 NOTE
r-devel-linux-x86_64-debian-gcc 0.1.5 3.09 29.11 32.20 NOTE
r-devel-linux-x86_64-fedora-clang 0.1.5 50.30 NOTE
r-devel-linux-x86_64-fedora-gcc 0.1.5 38.69 NOTE
r-devel-windows-x86_64-new-UL 0.1.5 9.00 71.00 80.00 NOTE
r-devel-windows-x86_64-new-TK 0.1.5 NOTE
r-devel-windows-x86_64-old 0.1.5 7.00 47.00 54.00 NOTE
r-patched-linux-x86_64 0.1.5 3.20 35.13 38.33 NOTE
r-release-linux-x86_64 0.1.5 3.22 34.89 38.11 NOTE
r-release-macos-arm64 0.1.5 NOTE
r-release-macos-x86_64 0.1.5 NOTE
r-release-windows-ix86+x86_64 0.1.5 7.00 47.00 54.00 NOTE
r-oldrel-macos-x86_64 0.1.5 NOTE
r-oldrel-windows-ix86+x86_64 0.1.5 9.00 45.00 54.00 OK

Check Details

Version: 0.1.5
Check: LazyData
Result: NOTE
     'LazyData' is specified without a 'data' directory
Flavors: r-devel-linux-x86_64-debian-clang, r-devel-linux-x86_64-debian-gcc, r-devel-linux-x86_64-fedora-clang, r-devel-linux-x86_64-fedora-gcc, r-devel-windows-x86_64-new-UL, r-devel-windows-x86_64-new-TK, r-devel-windows-x86_64-old, r-patched-linux-x86_64, r-release-linux-x86_64, r-release-macos-arm64, r-release-macos-x86_64, r-release-windows-ix86+x86_64

Version: 0.1.5
Check: dependencies in R code
Result: NOTE
    Namespace in Imports field not imported from: ‘dplyr’
     All declared Imports should be used.
Flavors: r-devel-linux-x86_64-fedora-clang, r-devel-linux-x86_64-fedora-gcc, r-devel-windows-x86_64-new-TK, r-release-macos-arm64, r-release-macos-x86_64, r-oldrel-macos-x86_64