CRAN Package Check Results for Package ggRtsy

Last updated on 2024-04-13 10:48:32 CEST.

Flavor Version Tinstall Tcheck Ttotal Status Flags
r-devel-linux-x86_64-debian-clang 0.1.0 3.99 56.67 60.66 OK
r-devel-linux-x86_64-debian-gcc 0.1.0 3.97 41.99 45.96 OK
r-devel-linux-x86_64-fedora-clang 0.1.0 74.86 NOTE
r-devel-linux-x86_64-fedora-gcc 0.1.0 85.48 NOTE
r-devel-windows-x86_64 0.1.0 6.00 61.00 67.00 OK
r-patched-linux-x86_64 0.1.0 5.02 54.54 59.56 OK
r-release-linux-x86_64 0.1.0 4.82 51.76 56.58 OK
r-release-macos-arm64 0.1.0 39.00 OK
r-release-macos-x86_64 0.1.0 81.00 OK
r-release-windows-x86_64 0.1.0 7.00 67.00 74.00 OK
r-oldrel-macos-arm64 0.1.0 42.00 OK
r-oldrel-windows-x86_64 0.1.0 7.00 73.00 80.00 OK

Check Details

Version: 0.1.0
Check: data for non-ASCII characters
Result: NOTE Note: found 19 marked UTF-8 strings Flavors: r-devel-linux-x86_64-fedora-clang, r-devel-linux-x86_64-fedora-gcc