Last updated on 2023-06-03 18:53:33 CEST.
Flavor | Version | Tinstall | Tcheck | Ttotal | Status | Flags |
---|---|---|---|---|---|---|
r-devel-linux-x86_64-debian-clang | 1.0.2 | 6.43 | 74.87 | 81.30 | NOTE | |
r-devel-linux-x86_64-debian-gcc | 1.0.2 | 5.62 | 54.32 | 59.94 | NOTE | |
r-devel-linux-x86_64-fedora-clang | 1.0.2 | 97.58 | NOTE | |||
r-devel-linux-x86_64-fedora-gcc | 1.0.2 | 108.55 | NOTE | |||
r-devel-windows-x86_64 | 1.0.2 | 8.00 | 74.00 | 82.00 | NOTE | |
r-patched-linux-x86_64 | 1.0.2 | NOTE | ||||
r-release-linux-x86_64 | 1.0.2 | 5.92 | 66.93 | 72.85 | NOTE | |
r-release-macos-arm64 | 1.0.2 | 38.00 | NOTE | |||
r-release-macos-x86_64 | 1.0.2 | 61.00 | NOTE | |||
r-release-windows-x86_64 | 1.0.2 | 10.00 | 90.00 | 100.00 | NOTE | |
r-oldrel-macos-arm64 | 1.0.2 | 31.00 | OK | |||
r-oldrel-macos-x86_64 | 1.0.2 | 59.00 | OK | |||
r-oldrel-windows-x86_64 | 1.0.2 | 10.00 | 88.00 | 98.00 | OK |
Version: 1.0.2
Check: package subdirectories
Result: NOTE
Problems with news in ‘NEWS.md’:
Cannot extract version info from the following section titles:
Win CRAN check results - R Windows
Flavors: r-devel-linux-x86_64-debian-clang, r-devel-linux-x86_64-debian-gcc, r-devel-linux-x86_64-fedora-clang, r-devel-linux-x86_64-fedora-gcc, r-devel-windows-x86_64, r-patched-linux-x86_64, r-release-linux-x86_64, r-release-macos-arm64, r-release-macos-x86_64, r-release-windows-x86_64