CRAN Package Check Results for Package ggaligner

Last updated on 2024-02-22 10:48:22 CET.

Flavor Version Tinstall Tcheck Ttotal Status Flags
r-devel-linux-x86_64-debian-clang 0.1 OK
r-devel-linux-x86_64-debian-gcc 0.1 16.54 131.52 148.06 OK
r-devel-linux-x86_64-fedora-clang 0.1 240.52 OK
r-devel-linux-x86_64-fedora-gcc 0.1 236.16 OK
r-devel-windows-x86_64 0.1 20.00 130.00 150.00 OK
r-patched-linux-x86_64 0.1 19.09 172.11 191.20 OK
r-release-linux-x86_64 0.1 17.92 169.12 187.04 OK
r-release-macos-arm64 0.1 10.00 ERROR
r-release-macos-x86_64 0.1 6.00 ERROR
r-release-windows-x86_64 0.1 24.00 161.00 185.00 OK
r-oldrel-macos-arm64 0.1 10.00 ERROR
r-oldrel-windows-x86_64 0.1 26.00 169.00 195.00 OK

Check Details

Version: 0.1
Check: package dependencies
Result: ERROR Package required but not available: ‘ggmsa’ See section ‘The DESCRIPTION file’ in the ‘Writing R Extensions’ manual. Flavors: r-release-macos-arm64, r-release-macos-x86_64, r-oldrel-macos-arm64