Last updated on 2023-06-10 09:57:16 CEST.
Flavor | Version | Tinstall | Tcheck | Ttotal | Status | Flags |
---|---|---|---|---|---|---|
r-devel-linux-x86_64-debian-clang | 0.4.0 | 10.02 | 117.36 | 127.38 | NOTE | |
r-devel-linux-x86_64-debian-gcc | 0.4.0 | 6.95 | 87.97 | 94.92 | NOTE | |
r-devel-linux-x86_64-fedora-clang | 0.4.0 | 156.67 | NOTE | |||
r-devel-linux-x86_64-fedora-gcc | 0.4.0 | 159.63 | NOTE | |||
r-devel-windows-x86_64 | 0.4.0 | 10.00 | 108.00 | 118.00 | NOTE | |
r-patched-linux-x86_64 | 0.4.0 | 15.16 | 110.65 | 125.81 | NOTE | |
r-release-linux-x86_64 | 0.4.0 | 8.79 | 108.33 | 117.12 | NOTE | |
r-release-macos-arm64 | 0.4.0 | 61.00 | NOTE | |||
r-release-macos-x86_64 | 0.4.0 | 89.00 | NOTE | |||
r-release-windows-x86_64 | 0.4.0 | 13.00 | 136.00 | 149.00 | NOTE | |
r-oldrel-macos-arm64 | 0.4.0 | 55.00 | NOTE | |||
r-oldrel-macos-x86_64 | 0.4.0 | 88.00 | NOTE | |||
r-oldrel-windows-x86_64 | 0.4.0 | 12.00 | 130.00 | 142.00 | NOTE |
Version: 0.4.0
Check: LazyData
Result: NOTE
'LazyData' is specified without a 'data' directory
Flavors: r-devel-linux-x86_64-debian-clang, r-devel-linux-x86_64-debian-gcc, r-devel-linux-x86_64-fedora-clang, r-devel-linux-x86_64-fedora-gcc, r-devel-windows-x86_64, r-patched-linux-x86_64, r-release-linux-x86_64, r-release-macos-arm64, r-release-macos-x86_64, r-release-windows-x86_64, r-oldrel-macos-arm64, r-oldrel-macos-x86_64, r-oldrel-windows-x86_64
Version: 0.4.0
Check: dependencies in R code
Result: NOTE
Namespace in Imports field not imported from: ‘plotly’
All declared Imports should be used.
Flavors: r-devel-linux-x86_64-fedora-clang, r-devel-linux-x86_64-fedora-gcc, r-oldrel-macos-arm64, r-oldrel-macos-x86_64