CRAN Package Check Results for Package gganimate

Last updated on 2022-01-27 02:51:28 CET.

Flavor Version Tinstall Tcheck Ttotal Status Flags
r-devel-linux-x86_64-debian-clang 1.0.7 11.84 240.53 252.37 NOTE
r-devel-linux-x86_64-debian-gcc 1.0.7 9.52 174.95 184.47 NOTE
r-devel-linux-x86_64-fedora-clang 1.0.7 286.94 NOTE
r-devel-linux-x86_64-fedora-gcc 1.0.7 275.37 NOTE
r-devel-windows-x86_64-new-UL 1.0.7 127.00 247.00 374.00 NOTE
r-devel-windows-x86_64-new-TK 1.0.7 NOTE
r-patched-linux-x86_64 1.0.7 13.06 202.71 215.77 NOTE
r-release-linux-x86_64 1.0.7 11.40 200.85 212.25 NOTE
r-release-macos-arm64 1.0.7 NOTE
r-release-macos-x86_64 1.0.7 NOTE
r-release-windows-ix86+x86_64 1.0.7 25.00 228.00 253.00 NOTE
r-oldrel-macos-x86_64 1.0.7 OK
r-oldrel-windows-ix86+x86_64 1.0.7 25.00 221.00 246.00 OK

Check Details

Version: 1.0.7
Check: LazyData
Result: NOTE
     'LazyData' is specified without a 'data' directory
Flavors: r-devel-linux-x86_64-debian-clang, r-devel-linux-x86_64-debian-gcc, r-devel-linux-x86_64-fedora-clang, r-devel-linux-x86_64-fedora-gcc, r-devel-windows-x86_64-new-UL, r-devel-windows-x86_64-new-TK, r-patched-linux-x86_64, r-release-linux-x86_64, r-release-macos-arm64, r-release-macos-x86_64, r-release-windows-ix86+x86_64