CRAN Package Check Results for Package ggborderline

Last updated on 2021-10-19 00:49:17 CEST.

Flavor Version Tinstall Tcheck Ttotal Status Flags
r-devel-linux-x86_64-debian-clang 0.1.0 4.68 44.50 49.18 OK
r-devel-linux-x86_64-debian-gcc 0.1.0 3.49 32.82 36.31 OK
r-devel-linux-x86_64-fedora-clang 0.1.0 67.77 NOTE
r-devel-linux-x86_64-fedora-gcc 0.1.0 55.17 NOTE
r-devel-windows-x86_64 0.1.0 10.00 64.00 74.00 OK
r-devel-windows-x86_64-gcc10-UCRT 0.1.0 NOTE
r-patched-linux-x86_64 0.1.0 4.74 40.47 45.21 OK
r-patched-solaris-x86 0.1.0 81.80 NOTE
r-release-linux-x86_64 0.1.0 4.78 40.73 45.51 OK
r-release-macos-arm64 0.1.0 NOTE
r-release-macos-x86_64 0.1.0 NOTE
r-release-windows-ix86+x86_64 0.1.0 13.00 65.00 78.00 OK
r-oldrel-macos-x86_64 0.1.0 NOTE
r-oldrel-windows-ix86+x86_64 0.1.0 15.00 62.00 77.00 OK

Check Details

Version: 0.1.0
Check: dependencies in R code
Result: NOTE
    Namespace in Imports field not imported from: ‘scales’
     All declared Imports should be used.
Flavors: r-devel-linux-x86_64-fedora-clang, r-devel-linux-x86_64-fedora-gcc, r-devel-windows-x86_64-gcc10-UCRT, r-patched-solaris-x86, r-release-macos-arm64, r-release-macos-x86_64, r-oldrel-macos-x86_64