Last updated on 2023-02-05 21:58:46 CET.
Flavor | Version | Tinstall | Tcheck | Ttotal | Status | Flags |
---|---|---|---|---|---|---|
r-devel-linux-x86_64-debian-clang | 0.8.0 | 176.04 | 183.18 | 359.22 | NOTE | |
r-devel-linux-x86_64-debian-gcc | 0.8.0 | 136.34 | 132.45 | 268.79 | NOTE | |
r-devel-linux-x86_64-fedora-clang | 0.8.0 | 497.27 | NOTE | |||
r-devel-linux-x86_64-fedora-gcc | 0.8.0 | 451.97 | NOTE | |||
r-devel-windows-x86_64 | 0.8.0 | 163.00 | 253.00 | 416.00 | NOTE | |
r-patched-linux-x86_64 | 0.8.0 | 152.49 | 169.95 | 322.44 | OK | |
r-release-linux-x86_64 | 0.8.0 | 142.50 | 158.19 | 300.69 | OK | |
r-release-macos-arm64 | 0.8.0 | 124.00 | NOTE | |||
r-release-macos-x86_64 | 0.8.0 | 149.00 | NOTE | |||
r-release-windows-x86_64 | 0.8.0 | 346.00 | 249.00 | 595.00 | NOTE | |
r-oldrel-macos-arm64 | 0.8.0 | 125.00 | NOTE | |||
r-oldrel-macos-x86_64 | 0.8.0 | 162.00 | NOTE | |||
r-oldrel-windows-ix86+x86_64 | 0.8.0 | 419.00 | 257.00 | 676.00 | NOTE |
Version: 0.8.0
Check: C++ specification
Result: NOTE
Specified C++11: please update to current default of C++17
Flavors: r-devel-linux-x86_64-debian-clang, r-devel-linux-x86_64-debian-gcc, r-devel-linux-x86_64-fedora-clang, r-devel-linux-x86_64-fedora-gcc, r-devel-windows-x86_64
Version: 0.8.0
Check: installed package size
Result: NOTE
installed size is 5.5Mb
sub-directories of 1Mb or more:
doc 3.0Mb
extdata 1.6Mb
Flavors: r-devel-linux-x86_64-fedora-clang, r-devel-windows-x86_64, r-release-macos-arm64, r-release-macos-x86_64, r-release-windows-x86_64, r-oldrel-macos-arm64, r-oldrel-macos-x86_64, r-oldrel-windows-ix86+x86_64