Last updated on 2023-09-23 10:06:22 CEST.
Flavor | Version | Tinstall | Tcheck | Ttotal | Status | Flags |
---|---|---|---|---|---|---|
r-devel-linux-x86_64-debian-clang | 0.8.1 | 195.75 | 183.09 | 378.84 | OK | |
r-devel-linux-x86_64-debian-gcc | 0.8.1 | 125.44 | 132.88 | 258.32 | OK | |
r-devel-linux-x86_64-fedora-clang | 0.8.1 | 548.83 | NOTE | |||
r-devel-linux-x86_64-fedora-gcc | 0.8.1 | 516.62 | OK | |||
r-devel-windows-x86_64 | 0.8.1 | 135.00 | 171.00 | 306.00 | NOTE | |
r-patched-linux-x86_64 | 0.8.1 | 132.49 | 187.93 | 320.42 | OK | |
r-release-linux-x86_64 | 0.8.1 | 148.22 | 171.19 | 319.41 | OK | |
r-release-macos-arm64 | 0.8.1 | 120.00 | NOTE | |||
r-release-macos-x86_64 | 0.8.1 | 220.00 | NOTE | |||
r-release-windows-x86_64 | 0.8.1 | 186.00 | 208.00 | 394.00 | NOTE | |
r-oldrel-macos-arm64 | 0.8.1 | 88.00 | NOTE | |||
r-oldrel-macos-x86_64 | 0.8.1 | 150.00 | NOTE | |||
r-oldrel-windows-x86_64 | 0.8.1 | 174.00 | 196.00 | 370.00 | NOTE |
Version: 0.8.1
Check: installed package size
Result: NOTE
installed size is 5.5Mb
sub-directories of 1Mb or more:
doc 3.0Mb
extdata 1.6Mb
Flavors: r-devel-linux-x86_64-fedora-clang, r-devel-windows-x86_64, r-release-macos-arm64, r-release-macos-x86_64, r-release-windows-x86_64, r-oldrel-macos-arm64, r-oldrel-macos-x86_64, r-oldrel-windows-x86_64