CRAN Package Check Results for Package ggbreak

Last updated on 2021-09-27 14:48:26 CEST.

Flavor Version Tinstall Tcheck Ttotal Status Flags
r-devel-linux-x86_64-debian-clang 0.0.5 4.07 83.12 87.19 OK
r-devel-linux-x86_64-debian-gcc 0.0.5 3.79 59.00 62.79 OK
r-devel-linux-x86_64-fedora-clang 0.0.5 109.60 OK
r-devel-linux-x86_64-fedora-gcc 0.0.5 95.64 OK
r-devel-windows-x86_64 0.0.5 8.00 71.00 79.00 OK
r-devel-windows-x86_64-gcc10-UCRT 0.0.5 OK
r-patched-linux-x86_64 0.0.5 5.38 74.41 79.79 OK
r-patched-solaris-x86 0.0.5 96.50 OK
r-release-linux-x86_64 0.0.5 4.57 74.91 79.48 OK
r-release-macos-arm64 0.0.5 OK
r-release-macos-x86_64 0.0.5 OK
r-release-windows-ix86+x86_64 0.0.5 14.00 73.00 87.00 OK
r-oldrel-macos-x86_64 0.0.5 ERROR
r-oldrel-windows-ix86+x86_64 0.0.5 12.00 73.00 85.00 OK

Check Details

Version: 0.0.5
Check: whether package can be installed
Result: ERROR
    Installation failed.
Flavor: r-oldrel-macos-x86_64