CRAN Package Check Results for Package ggbuildr

Last updated on 2021-12-07 00:49:19 CET.

Flavor Version Tinstall Tcheck Ttotal Status Flags
r-devel-linux-x86_64-debian-clang 0.1.0 3.94 58.53 62.47 NOTE
r-devel-linux-x86_64-debian-gcc 0.1.0 3.14 44.68 47.82 NOTE
r-devel-linux-x86_64-fedora-clang 0.1.0 76.57 NOTE
r-devel-linux-x86_64-fedora-gcc 0.1.0 64.67 NOTE
r-devel-windows-x86_64-new-UL 0.1.0 11.00 104.00 115.00 NOTE
r-devel-windows-x86_64-new-TK 0.1.0 NOTE
r-devel-windows-x86_64-old 0.1.0 9.00 53.00 62.00 NOTE
r-patched-linux-x86_64 0.1.0 3.76 46.74 50.50 NOTE
r-release-linux-x86_64 0.1.0 3.75 55.07 58.82 NOTE
r-release-macos-arm64 0.1.0 NOTE
r-release-macos-x86_64 0.1.0 NOTE
r-release-windows-ix86+x86_64 0.1.0 12.00 70.00 82.00 NOTE
r-oldrel-macos-x86_64 0.1.0 OK
r-oldrel-windows-ix86+x86_64 0.1.0 13.00 71.00 84.00 OK

Check Details

Version: 0.1.0
Check: LazyData
Result: NOTE
     'LazyData' is specified without a 'data' directory
Flavors: r-devel-linux-x86_64-debian-clang, r-devel-linux-x86_64-debian-gcc, r-devel-linux-x86_64-fedora-clang, r-devel-linux-x86_64-fedora-gcc, r-devel-windows-x86_64-new-UL, r-devel-windows-x86_64-new-TK, r-devel-windows-x86_64-old, r-patched-linux-x86_64, r-release-linux-x86_64, r-release-macos-arm64, r-release-macos-x86_64, r-release-windows-ix86+x86_64