CRAN Package Check Results for Package ggbuildr

Last updated on 2023-05-28 13:57:29 CEST.

Flavor Version Tinstall Tcheck Ttotal Status Flags
r-devel-linux-x86_64-debian-clang 0.1.0 5.34 53.04 58.38 NOTE
r-devel-linux-x86_64-debian-gcc 0.1.0 3.03 39.89 42.92 NOTE
r-devel-linux-x86_64-fedora-clang 0.1.0 71.05 NOTE
r-devel-linux-x86_64-fedora-gcc 0.1.0 72.97 NOTE
r-devel-windows-x86_64 0.1.0 7.00 61.00 68.00 NOTE
r-patched-linux-x86_64 0.1.0 3.19 49.40 52.59 NOTE
r-release-linux-x86_64 0.1.0 4.08 49.91 53.99 NOTE
r-release-macos-arm64 0.1.0 26.00 NOTE
r-release-macos-x86_64 0.1.0 37.00 NOTE
r-release-windows-x86_64 0.1.0 7.00 69.00 76.00 NOTE
r-oldrel-macos-arm64 0.1.0 25.00 NOTE
r-oldrel-macos-x86_64 0.1.0 58.00 NOTE
r-oldrel-windows-x86_64 0.1.0 9.00 74.00 83.00 NOTE

Check Details

Version: 0.1.0
Check: LazyData
Result: NOTE
     'LazyData' is specified without a 'data' directory
Flavors: r-devel-linux-x86_64-debian-clang, r-devel-linux-x86_64-debian-gcc, r-devel-linux-x86_64-fedora-clang, r-devel-linux-x86_64-fedora-gcc, r-devel-windows-x86_64, r-patched-linux-x86_64, r-release-linux-x86_64, r-release-macos-arm64, r-release-macos-x86_64, r-release-windows-x86_64, r-oldrel-macos-arm64, r-oldrel-macos-x86_64, r-oldrel-windows-x86_64