CRAN Package Check Results for Package ggbump

Last updated on 2022-01-23 12:05:11 CET.

Flavor Version Tinstall Tcheck Ttotal Status Flags
r-devel-linux-x86_64-debian-clang 0.1.0 3.75 52.71 56.46 NOTE
r-devel-linux-x86_64-debian-gcc 0.1.0 3.67 44.08 47.75 NOTE
r-devel-linux-x86_64-fedora-clang 0.1.0 70.32 NOTE
r-devel-linux-x86_64-fedora-gcc 0.1.0 56.17 NOTE
r-devel-windows-x86_64-new-UL 0.1.0 17.00 70.00 87.00 NOTE
r-devel-windows-x86_64-new-TK 0.1.0 NOTE
r-patched-linux-x86_64 0.1.0 4.17 48.76 52.93 NOTE
r-release-linux-x86_64 0.1.0 3.69 49.01 52.70 NOTE
r-release-macos-arm64 0.1.0 NOTE
r-release-macos-x86_64 0.1.0 NOTE
r-release-windows-ix86+x86_64 0.1.0 13.00 63.00 76.00 NOTE
r-oldrel-macos-x86_64 0.1.0 OK
r-oldrel-windows-ix86+x86_64 0.1.0 12.00 62.00 74.00 OK

Check Details

Version: 0.1.0
Check: LazyData
Result: NOTE
     'LazyData' is specified without a 'data' directory
Flavors: r-devel-linux-x86_64-debian-clang, r-devel-linux-x86_64-debian-gcc, r-devel-linux-x86_64-fedora-clang, r-devel-linux-x86_64-fedora-gcc, r-devel-windows-x86_64-new-UL, r-devel-windows-x86_64-new-TK, r-patched-linux-x86_64, r-release-linux-x86_64, r-release-macos-arm64, r-release-macos-x86_64, r-release-windows-ix86+x86_64