CRAN Package Check Results for Package ggconf

Last updated on 2021-12-07 13:52:36 CET.

Flavor Version Tinstall Tcheck Ttotal Status Flags
r-devel-linux-x86_64-debian-clang 0.1.3 27.60 66.30 93.90 NOTE
r-devel-linux-x86_64-debian-gcc 0.1.3 22.02 50.00 72.02 NOTE
r-devel-linux-x86_64-fedora-clang 0.1.3 119.79 NOTE
r-devel-linux-x86_64-fedora-gcc 0.1.3 105.55 NOTE
r-devel-windows-x86_64-new-UL 0.1.3 67.00 107.00 174.00 NOTE
r-devel-windows-x86_64-new-TK 0.1.3 NOTE
r-devel-windows-x86_64-old 0.1.3 42.00 81.00 123.00 NOTE
r-patched-linux-x86_64 0.1.3 24.71 59.30 84.01 NOTE
r-release-linux-x86_64 0.1.3 25.60 59.91 85.51 NOTE
r-release-macos-arm64 0.1.3 NOTE
r-release-macos-x86_64 0.1.3 NOTE
r-release-windows-ix86+x86_64 0.1.3 35.00 74.00 109.00 NOTE
r-oldrel-macos-x86_64 0.1.3 OK
r-oldrel-windows-ix86+x86_64 0.1.3 47.00 76.00 123.00 OK

Check Details

Version: 0.1.3
Check: LazyData
Result: NOTE
     'LazyData' is specified without a 'data' directory
Flavors: r-devel-linux-x86_64-debian-clang, r-devel-linux-x86_64-debian-gcc, r-devel-linux-x86_64-fedora-clang, r-devel-linux-x86_64-fedora-gcc, r-devel-windows-x86_64-new-UL, r-devel-windows-x86_64-new-TK, r-devel-windows-x86_64-old, r-patched-linux-x86_64, r-release-linux-x86_64, r-release-macos-arm64, r-release-macos-x86_64, r-release-windows-ix86+x86_64