CRAN Package Check Results for Package ggcorrplot

Last updated on 2021-04-18 07:48:33 CEST.

Flavor Version Tinstall Tcheck Ttotal Status Flags
r-devel-linux-x86_64-debian-clang 0.1.3 4.08 48.14 52.22 NOTE
r-devel-linux-x86_64-debian-gcc 0.1.3 2.99 36.11 39.10 NOTE
r-devel-linux-x86_64-fedora-clang 0.1.3 72.04 NOTE
r-devel-linux-x86_64-fedora-gcc 0.1.3 57.15 NOTE
r-devel-windows-ix86+x86_64 0.1.3 12.00 65.00 77.00 NOTE
r-devel-windows-x86_64-gcc10-UCRT 0.1.3 NOTE
r-patched-linux-x86_64 0.1.3 3.44 43.17 46.61 OK
r-patched-solaris-x86 0.1.3 87.60 OK
r-release-linux-x86_64 0.1.3 3.53 43.27 46.80 OK
r-release-macos-x86_64 0.1.3 OK
r-release-windows-ix86+x86_64 0.1.3 25.00 62.00 87.00 OK
r-oldrel-macos-x86_64 0.1.3 OK
r-oldrel-windows-ix86+x86_64 0.1.3 7.00 61.00 68.00 OK

Check Details

Version: 0.1.3
Check: LazyData
Result: NOTE
     'LazyData' is specified without a 'data' directory
Flavors: r-devel-linux-x86_64-debian-clang, r-devel-linux-x86_64-debian-gcc, r-devel-linux-x86_64-fedora-clang, r-devel-linux-x86_64-fedora-gcc, r-devel-windows-ix86+x86_64, r-devel-windows-x86_64-gcc10-UCRT