CRAN Package Check Results for Package ggcorrplot

Last updated on 2022-01-28 08:52:09 CET.

Flavor Version Tinstall Tcheck Ttotal Status Flags
r-devel-linux-x86_64-debian-clang 0.1.3 4.51 58.25 62.76 NOTE
r-devel-linux-x86_64-debian-gcc 0.1.3 3.50 45.50 49.00 NOTE
r-devel-linux-x86_64-fedora-clang 0.1.3 74.14 NOTE
r-devel-linux-x86_64-fedora-gcc 0.1.3 62.18 NOTE
r-devel-windows-x86_64-new-UL 0.1.3 22.00 77.00 99.00 NOTE
r-devel-windows-x86_64-new-TK 0.1.3 NOTE
r-patched-linux-x86_64 0.1.3 4.22 51.93 56.15 NOTE
r-release-linux-x86_64 0.1.3 3.53 51.23 54.76 NOTE
r-release-macos-arm64 0.1.3 NOTE
r-release-macos-x86_64 0.1.3 NOTE
r-release-windows-ix86+x86_64 0.1.3 13.00 67.00 80.00 NOTE
r-oldrel-macos-x86_64 0.1.3 OK
r-oldrel-windows-ix86+x86_64 0.1.3 13.00 68.00 81.00 OK

Check Details

Version: 0.1.3
Check: LazyData
Result: NOTE
     'LazyData' is specified without a 'data' directory
Flavors: r-devel-linux-x86_64-debian-clang, r-devel-linux-x86_64-debian-gcc, r-devel-linux-x86_64-fedora-clang, r-devel-linux-x86_64-fedora-gcc, r-devel-windows-x86_64-new-UL, r-devel-windows-x86_64-new-TK, r-patched-linux-x86_64, r-release-linux-x86_64, r-release-macos-arm64, r-release-macos-x86_64, r-release-windows-ix86+x86_64