CRAN Package Check Results for Package ggcorrplot

Last updated on 2020-04-05 21:46:51 CEST.

Flavor Version Tinstall Tcheck Ttotal Status Flags
r-devel-linux-x86_64-debian-clang 0.1.3 4.41 41.04 45.45 OK
r-devel-linux-x86_64-debian-gcc 0.1.3 0.35 1.77 2.12 ERROR
r-devel-linux-x86_64-fedora-clang 0.1.3 54.67 OK
r-devel-linux-x86_64-fedora-gcc 0.1.3 48.41 OK
r-devel-windows-ix86+x86_64 0.1.3 11.00 51.00 62.00 OK
r-devel-windows-ix86+x86_64-gcc8 0.1.3 12.00 50.00 62.00 OK
r-patched-linux-x86_64 0.1.3 3.60 39.24 42.84 OK
r-patched-solaris-x86 0.1.3 77.20 OK
r-release-linux-x86_64 0.1.3 3.66 37.55 41.21 OK
r-release-windows-ix86+x86_64 0.1.3 11.00 85.00 96.00 OK
r-release-osx-x86_64 0.1.3 OK
r-oldrel-windows-ix86+x86_64 0.1.3 7.00 55.00 62.00 OK
r-oldrel-osx-x86_64 0.1.3 OK

Check Details

Version: 0.1.3
Check: whether package can be installed
Result: ERROR
    Installation failed.
Flavor: r-devel-linux-x86_64-debian-gcc