Last updated on 2022-06-26 07:53:42 CEST.
Flavor | Version | Tinstall | Tcheck | Ttotal | Status | Flags |
---|---|---|---|---|---|---|
r-devel-linux-x86_64-debian-clang | 0.1.3 | 5.11 | 55.44 | 60.55 | NOTE | |
r-devel-linux-x86_64-debian-gcc | 0.1.3 | 4.01 | 41.01 | 45.02 | NOTE | |
r-devel-linux-x86_64-fedora-clang | 0.1.3 | 81.76 | NOTE | |||
r-devel-linux-x86_64-fedora-gcc | 0.1.3 | 80.69 | NOTE | |||
r-devel-windows-x86_64 | 0.1.3 | 12.00 | 77.00 | 89.00 | NOTE | |
r-patched-linux-x86_64 | 0.1.3 | 4.80 | 51.45 | 56.25 | NOTE | |
r-release-linux-x86_64 | 0.1.3 | 5.28 | 52.37 | 57.65 | NOTE | |
r-release-macos-arm64 | 0.1.3 | 23.00 | NOTE | |||
r-release-macos-x86_64 | 0.1.3 | 44.00 | NOTE | |||
r-release-windows-x86_64 | 0.1.3 | 19.00 | 75.00 | 94.00 | NOTE | |
r-oldrel-macos-arm64 | 0.1.3 | 28.00 | NOTE | |||
r-oldrel-macos-x86_64 | 0.1.3 | 49.00 | NOTE | |||
r-oldrel-windows-ix86+x86_64 | 0.1.3 | 15.00 | 76.00 | 91.00 | NOTE |
Version: 0.1.3
Check: LazyData
Result: NOTE
'LazyData' is specified without a 'data' directory
Flavors: r-devel-linux-x86_64-debian-clang, r-devel-linux-x86_64-debian-gcc, r-devel-linux-x86_64-fedora-clang, r-devel-linux-x86_64-fedora-gcc, r-devel-windows-x86_64, r-patched-linux-x86_64, r-release-linux-x86_64, r-release-macos-arm64, r-release-macos-x86_64, r-release-windows-x86_64, r-oldrel-macos-arm64, r-oldrel-macos-x86_64, r-oldrel-windows-ix86+x86_64