CRAN Package Check Results for Package ggcorrplot

Last updated on 2019-12-08 10:48:11 CET.

Flavor Version Tinstall Tcheck Ttotal Status Flags
r-devel-linux-x86_64-debian-clang 0.1.3 3.23 38.62 41.85 OK
r-devel-linux-x86_64-debian-gcc 0.1.3 2.68 29.79 32.47 OK
r-devel-linux-x86_64-fedora-clang 0.1.3 50.09 OK
r-devel-linux-x86_64-fedora-gcc 0.1.3 45.69 OK
r-devel-windows-ix86+x86_64 0.1.3 10.00 53.00 63.00 OK
r-devel-windows-ix86+x86_64-gcc8 0.1.3 7.00 49.00 56.00 OK
r-patched-linux-x86_64 0.1.3 2.61 35.45 38.06 OK
r-patched-solaris-x86 0.1.3 69.00 OK
r-release-linux-x86_64 0.1.3 2.57 34.63 37.20 OK
r-release-windows-ix86+x86_64 0.1.3 10.00 53.00 63.00 OK
r-release-osx-x86_64 0.1.3 OK
r-oldrel-windows-ix86+x86_64 0.1.3 5.00 54.00 59.00 WARN
r-oldrel-osx-x86_64 0.1.3 OK

Check Details

Version: 0.1.3
Check: whether package can be installed
Result: WARN
    Found the following significant warnings:
     Warning: S3 methods '[.fun_list', '[.grouped_df', 'all.equal.tbl_df', 'anti_join.data.frame', 'anti_join.tbl_df', 'arrange.data.frame', 'arrange.default', 'arrange.grouped_df', 'arrange.tbl_df', 'arrange_.data.frame', 'arrange_.tbl_df', 'as.data.frame.grouped_df', 'as.data.frame.rowwise_df', 'as.data.frame.tbl_cube', 'as.table.tbl_cube', 'as.tbl.data.frame', 'as.tbl.tbl', 'as.tbl_cube.array', 'as.tbl_cube.data.frame', 'as.tbl_cube.matrix', 'as.tbl_cube.table', 'as_tibble.grouped_df', 'as_tibble.tbl_cube', 'auto_copy.tbl_cube', 'auto_copy.tbl_df', 'cbind.grouped_df', 'collapse.data.frame', 'collect.data.frame', 'common_by.NULL', 'common_by.character', 'common_by.default', 'common_by.list', 'compute.data.frame', 'copy_to.DBIConnection', 'copy_to.src_local', 'default_missing.data.frame', 'default_missing.default', 'dim.tbl_cube', 'distinct.data.frame', 'distinct.default', 'distinct.grouped_df', 'distinct.tbl_df', 'distinct_.data.frame', 'distinct_.grouped_df', 'distinct_.tbl_df', 'do.NULL', 'do.da [... truncated]
Flavor: r-oldrel-windows-ix86+x86_64