CRAN Package Check Results for Package ggdag

Last updated on 2020-10-01 03:48:37 CEST.

Flavor Version Tinstall Tcheck Ttotal Status Flags
r-devel-linux-x86_64-debian-clang 0.2.2 11.36 184.61 195.97 OK
r-devel-linux-x86_64-debian-gcc 0.2.2 0.65 2.67 3.32 ERROR
r-devel-linux-x86_64-fedora-clang 0.2.2 228.40 OK
r-devel-linux-x86_64-fedora-gcc 0.2.2 221.78 OK
r-devel-windows-ix86+x86_64 0.2.2 21.00 212.00 233.00 OK
r-patched-linux-x86_64 0.2.2 6.62 172.63 179.25 OK
r-patched-solaris-x86 0.2.2 286.70 OK
r-release-linux-x86_64 0.2.2 7.13 171.78 178.91 OK
r-release-macos-x86_64 0.2.2 OK
r-release-windows-ix86+x86_64 0.2.2 22.00 227.00 249.00 OK
r-oldrel-macos-x86_64 0.2.2 OK
r-oldrel-windows-ix86+x86_64 0.2.2 18.00 226.00 244.00 OK

Check Details

Version: 0.2.2
Check: whether package can be installed
Result: ERROR
    Installation failed.
Flavor: r-devel-linux-x86_64-debian-gcc