CRAN Package Check Results for Package ggdendro

Last updated on 2019-06-25 20:46:58 CEST.

Flavor Version Tinstall Tcheck Ttotal Status Flags
r-devel-linux-x86_64-debian-clang 0.1-20 4.06 51.95 56.01 OK
r-devel-linux-x86_64-debian-gcc 0.1-20 3.53 40.44 43.97 OK
r-devel-linux-x86_64-fedora-clang 0.1-20 65.54 OK
r-devel-linux-x86_64-fedora-gcc 0.1-20 63.25 OK
r-devel-windows-ix86+x86_64 0.1-20 18.00 66.00 84.00 OK
r-patched-linux-x86_64 0.1-20 4.30 51.39 55.69 OK
r-patched-solaris-x86 0.1-20 92.60 OK
r-release-linux-x86_64 0.1-20 4.22 51.66 55.88 OK
r-release-windows-ix86+x86_64 0.1-20 9.00 71.00 80.00 OK
r-release-osx-x86_64 0.1-20 OK
r-oldrel-windows-ix86+x86_64 0.1-20 7.00 65.00 72.00 WARN
r-oldrel-osx-x86_64 0.1-20 OK

Check Details

Version: 0.1-20
Check: whether package can be installed
Result: WARN
    Found the following significant warnings:
     Warning: S3 methods '[.fun_list', '[.grouped_df', 'all.equal.tbl_df', 'anti_join.data.frame', 'anti_join.tbl_df', 'arrange.data.frame', 'arrange.default', 'arrange.grouped_df', 'arrange.tbl_df', 'arrange_.data.frame', 'arrange_.tbl_df', 'as.data.frame.grouped_df', 'as.data.frame.rowwise_df', 'as.data.frame.tbl_cube', 'as.table.tbl_cube', 'as.tbl.data.frame', 'as.tbl.tbl', 'as.tbl_cube.array', 'as.tbl_cube.data.frame', 'as.tbl_cube.matrix', 'as.tbl_cube.table', 'as_tibble.grouped_df', 'as_tibble.tbl_cube', 'auto_copy.tbl_cube', 'auto_copy.tbl_df', 'cbind.grouped_df', 'collapse.data.frame', 'collect.data.frame', 'common_by.NULL', 'common_by.character', 'common_by.default', 'common_by.list', 'compute.data.frame', 'copy_to.DBIConnection', 'copy_to.src_local', 'default_missing.data.frame', 'default_missing.default', 'dim.tbl_cube', 'distinct.data.frame', 'distinct.default', 'distinct.grouped_df', 'distinct.tbl_df', 'distinct_.data.frame', 'distinct_.grouped_df', 'distinct_.tbl_df', 'do.NULL', 'do.da [... truncated]
Flavor: r-oldrel-windows-ix86+x86_64