CRAN Package Check Results for Package ggdist

Last updated on 2020-10-22 19:49:04 CEST.

Flavor Version Tinstall Tcheck Ttotal Status Flags
r-devel-linux-x86_64-debian-clang 2.2.0 13.04 208.86 221.90 OK
r-devel-linux-x86_64-debian-gcc 2.2.0 10.64 151.54 162.18 OK
r-devel-linux-x86_64-fedora-clang 2.2.0 258.71 OK
r-devel-linux-x86_64-fedora-gcc 2.2.0 254.67 OK
r-devel-windows-ix86+x86_64 2.2.0 22.00 248.00 270.00 OK
r-patched-linux-x86_64 2.2.0 11.57 191.96 203.53 OK
r-patched-solaris-x86 2.2.0 317.70 NOTE
r-release-linux-x86_64 2.2.0 12.07 192.64 204.71 OK
r-release-macos-x86_64 2.2.0 OK
r-release-windows-ix86+x86_64 2.2.0 17.00 186.00 203.00 OK
r-oldrel-macos-x86_64 2.2.0 ERROR
r-oldrel-windows-ix86+x86_64 2.2.0 20.00 252.00 272.00 ERROR

Check Details

Version: 2.2.0
Check: package dependencies
Result: NOTE
    Package suggested but not available for checking: ‘pkgdown’
Flavor: r-patched-solaris-x86

Version: 2.2.0
Check: tests
Result: ERROR
     Running ‘testthat.R’ [63s/64s]
    Running the tests in ‘tests/testthat.R’ failed.
    Last 13 lines of output:
     >
     > test_check("ggdist")
     ── 1. Failure: stat_dist_dots works on NA data (@test.geom_dotsinterval.R#98) ─
     `vdiffr::expect_doppelganger(...)` produced unexpected warnings.
     Expected match: Removed 1 rows containing non-finite values
     Actual values:
     * Computation failed in `stat_dist_dots()`:
     stat_dist_slabinterval does not support objects of type "factor"
    
     ══ testthat results ═══════════════════════════════════════════════════════════
     [ OK: 98 | SKIPPED: 146 | WARNINGS: 10 | FAILED: 1 ]
     1. Failure: stat_dist_dots works on NA data (@test.geom_dotsinterval.R#98)
    
     Error: testthat unit tests failed
     Execution halted
Flavor: r-oldrel-macos-x86_64

Version: 2.2.0
Check: tests
Result: ERROR
     Running 'testthat.R' [100s]
    Running the tests in 'tests/testthat.R' failed.
    Complete output:
     > # This is necessary because some tests fail otherwise; see https://github.com/hadley/testthat/issues/144
     > Sys.setenv("R_TESTS" = "")
     >
     > library(testthat)
     > library(ggdist)
     >
     > test_check("ggdist")
     -- 1. Failure: stat_dist_dots works on NA data (@test.geom_dotsinterval.R#98) -
     `vdiffr::expect_doppelganger(...)` produced unexpected warnings.
     Expected match: Removed 1 rows containing non-finite values
     Actual values:
     * Computation failed in `stat_dist_dots()`:
     stat_dist_slabinterval does not support objects of type "factor"
    
     == testthat results ===========================================================
     [ OK: 98 | SKIPPED: 146 | WARNINGS: 10 | FAILED: 1 ]
     1. Failure: stat_dist_dots works on NA data (@test.geom_dotsinterval.R#98)
    
     Error: testthat unit tests failed
     Execution halted
Flavor: r-oldrel-windows-ix86+x86_64