CRAN Package Check Results for Package ggdmc

Last updated on 2024-06-19 08:57:49 CEST.

Flavor Version Tinstall Tcheck Ttotal Status Flags
r-devel-linux-x86_64-debian-clang 0.2.6.0 146.77 80.15 226.92 NOTE
r-devel-linux-x86_64-debian-gcc 0.2.6.0 102.77 58.27 161.04 NOTE
r-devel-linux-x86_64-fedora-clang 0.2.6.0 339.46 NOTE
r-devel-linux-x86_64-fedora-gcc 0.2.6.0 322.52 NOTE
r-devel-windows-x86_64 0.2.6.0 114.00 96.00 210.00 NOTE
r-patched-linux-x86_64 0.2.6.0 121.71 74.81 196.52 NOTE
r-release-linux-x86_64 0.2.6.0 123.37 74.21 197.58 NOTE
r-release-macos-arm64 0.2.6.0 67.00 NOTE
r-release-macos-x86_64 0.2.6.0 75.00 NOTE
r-release-windows-x86_64 0.2.6.0 112.00 103.00 215.00 NOTE
r-oldrel-macos-arm64 0.2.6.0 73.00 NOTE
r-oldrel-macos-x86_64 0.2.6.0 131.00 NOTE
r-oldrel-windows-x86_64 0.2.6.0 137.00 117.00 254.00 NOTE

Check Details

Version: 0.2.6.0
Check: C++ specification
Result: NOTE Specified C++11: please drop specification unless essential Flavors: r-devel-linux-x86_64-debian-clang, r-devel-linux-x86_64-debian-gcc, r-devel-linux-x86_64-fedora-clang, r-devel-linux-x86_64-fedora-gcc, r-devel-windows-x86_64, r-patched-linux-x86_64, r-release-linux-x86_64, r-release-macos-arm64, r-release-macos-x86_64, r-release-windows-x86_64, r-oldrel-macos-arm64, r-oldrel-macos-x86_64, r-oldrel-windows-x86_64

Version: 0.2.6.0
Check: LazyData
Result: NOTE 'LazyData' is specified without a 'data' directory Flavors: r-devel-linux-x86_64-debian-clang, r-devel-linux-x86_64-debian-gcc, r-devel-linux-x86_64-fedora-clang, r-devel-linux-x86_64-fedora-gcc, r-devel-windows-x86_64, r-patched-linux-x86_64, r-release-linux-x86_64, r-release-macos-arm64, r-release-macos-x86_64, r-release-windows-x86_64, r-oldrel-macos-arm64, r-oldrel-macos-x86_64, r-oldrel-windows-x86_64

Version: 0.2.6.0
Check: installed package size
Result: NOTE installed size is 5.4Mb sub-directories of 1Mb or more: libs 5.0Mb Flavors: r-release-macos-arm64, r-release-macos-x86_64, r-oldrel-macos-arm64, r-oldrel-macos-x86_64