Last updated on 2023-06-11 02:55:16 CEST.
Flavor | Version | Tinstall | Tcheck | Ttotal | Status | Flags |
---|---|---|---|---|---|---|
r-devel-linux-x86_64-debian-clang | 0.2.6.0 | 138.85 | 78.78 | 217.63 | NOTE | |
r-devel-linux-x86_64-debian-gcc | 0.2.6.0 | 112.68 | 57.48 | 170.16 | NOTE | |
r-devel-linux-x86_64-fedora-clang | 0.2.6.0 | 335.01 | NOTE | |||
r-devel-linux-x86_64-fedora-gcc | 0.2.6.0 | 318.50 | NOTE | |||
r-devel-windows-x86_64 | 0.2.6.0 | 110.00 | 96.00 | 206.00 | NOTE | |
r-patched-linux-x86_64 | 0.2.6.0 | 121.30 | 72.70 | 194.00 | NOTE | |
r-release-linux-x86_64 | 0.2.6.0 | 114.58 | 74.33 | 188.91 | NOTE | |
r-release-macos-arm64 | 0.2.6.0 | 73.00 | NOTE | |||
r-release-macos-x86_64 | 0.2.6.0 | 131.00 | NOTE | |||
r-release-windows-x86_64 | 0.2.6.0 | 135.00 | 114.00 | 249.00 | NOTE | |
r-oldrel-macos-arm64 | 0.2.6.0 | 72.00 | NOTE | |||
r-oldrel-macos-x86_64 | 0.2.6.0 | 106.00 | NOTE | |||
r-oldrel-windows-x86_64 | 0.2.6.0 | 133.00 | 111.00 | 244.00 | NOTE |
Version: 0.2.6.0
Check: C++ specification
Result: NOTE
Specified C++11: please drop specification unless essential
Flavors: r-devel-linux-x86_64-debian-clang, r-devel-linux-x86_64-debian-gcc, r-devel-linux-x86_64-fedora-clang, r-devel-linux-x86_64-fedora-gcc, r-devel-windows-x86_64, r-patched-linux-x86_64, r-release-linux-x86_64, r-release-macos-arm64, r-release-macos-x86_64, r-release-windows-x86_64
Version: 0.2.6.0
Check: LazyData
Result: NOTE
'LazyData' is specified without a 'data' directory
Flavors: r-devel-linux-x86_64-debian-clang, r-devel-linux-x86_64-debian-gcc, r-devel-linux-x86_64-fedora-clang, r-devel-linux-x86_64-fedora-gcc, r-devel-windows-x86_64, r-patched-linux-x86_64, r-release-linux-x86_64, r-release-macos-arm64, r-release-macos-x86_64, r-release-windows-x86_64, r-oldrel-macos-arm64, r-oldrel-macos-x86_64, r-oldrel-windows-x86_64
Version: 0.2.6.0
Check: installed package size
Result: NOTE
installed size is 5.6Mb
sub-directories of 1Mb or more:
libs 5.2Mb
Flavors: r-release-macos-arm64, r-release-macos-x86_64, r-oldrel-macos-arm64, r-oldrel-macos-x86_64