Last updated on 2021-01-16 03:49:43 CET.
Flavor | Version | Tinstall | Tcheck | Ttotal | Status | Flags |
---|---|---|---|---|---|---|
r-devel-linux-x86_64-debian-clang | 0.3.2 | 111.00 | 142.67 | 253.67 | OK | |
r-devel-linux-x86_64-debian-gcc | 0.3.2 | 76.20 | 109.45 | 185.65 | OK | |
r-devel-linux-x86_64-fedora-clang | 0.3.2 | 328.03 | NOTE | |||
r-devel-linux-x86_64-fedora-gcc | 0.3.2 | 313.19 | NOTE | |||
r-devel-windows-ix86+x86_64 | 0.3.2 | 167.00 | 243.00 | 410.00 | OK | |
r-patched-linux-x86_64 | 0.3.2 | 89.46 | 133.91 | 223.37 | OK | |
r-patched-solaris-x86 | 0.3.2 | 318.40 | NOTE | |||
r-release-linux-x86_64 | 0.3.2 | 84.86 | 134.38 | 219.24 | OK | |
r-release-macos-x86_64 | 0.3.2 | NOTE | ||||
r-release-windows-ix86+x86_64 | 0.3.2 | 181.00 | 225.00 | 406.00 | OK | |
r-oldrel-macos-x86_64 | 0.3.2 | NOTE | ||||
r-oldrel-windows-ix86+x86_64 | 0.3.2 | 143.00 | 211.00 | 354.00 | OK |
Version: 0.3.2
Check: installed package size
Result: NOTE
installed size is 20.4Mb
sub-directories of 1Mb or more:
help 1.1Mb
libs 18.5Mb
Flavors: r-devel-linux-x86_64-fedora-clang, r-release-macos-x86_64, r-oldrel-macos-x86_64
Version: 0.3.2
Check: dependencies in R code
Result: NOTE
Namespace in Imports field not imported from: ‘withr’
All declared Imports should be used.
Flavors: r-devel-linux-x86_64-fedora-clang, r-devel-linux-x86_64-fedora-gcc, r-patched-solaris-x86, r-release-macos-x86_64, r-oldrel-macos-x86_64