CRAN Package Check Results for Package ggforce

Last updated on 2021-04-22 13:49:10 CEST.

Flavor Version Tinstall Tcheck Ttotal Status Flags
r-devel-linux-x86_64-debian-clang 0.3.3 111.42 152.05 263.47 NOTE
r-devel-linux-x86_64-debian-gcc 0.3.3 77.68 111.11 188.79 NOTE
r-devel-linux-x86_64-fedora-clang 0.3.3 358.37 NOTE
r-devel-linux-x86_64-fedora-gcc 0.3.3 310.97 NOTE
r-devel-windows-ix86+x86_64 0.3.3 223.00 288.00 511.00 NOTE
r-devel-windows-x86_64-gcc10-UCRT 0.3.3 NOTE
r-patched-linux-x86_64 0.3.3 86.86 139.45 226.31 OK
r-patched-solaris-x86 0.3.3 334.90 NOTE
r-release-linux-x86_64 0.3.3 93.59 141.43 235.02 OK
r-release-macos-x86_64 0.3.3 NOTE
r-release-windows-ix86+x86_64 0.3.3 226.00 291.00 517.00 OK
r-oldrel-macos-x86_64 0.3.3 NOTE
r-oldrel-windows-ix86+x86_64 0.3.3 193.00 299.00 492.00 OK

Check Details

Version: 0.3.3
Check: LazyData
Result: NOTE
     'LazyData' is specified without a 'data' directory
Flavors: r-devel-linux-x86_64-debian-clang, r-devel-linux-x86_64-debian-gcc, r-devel-linux-x86_64-fedora-clang, r-devel-linux-x86_64-fedora-gcc, r-devel-windows-ix86+x86_64, r-devel-windows-x86_64-gcc10-UCRT

Version: 0.3.3
Check: installed package size
Result: NOTE
     installed size is 19.7Mb
     sub-directories of 1Mb or more:
     help 1.1Mb
     libs 17.7Mb
Flavors: r-devel-linux-x86_64-fedora-clang, r-release-macos-x86_64, r-oldrel-macos-x86_64

Version: 0.3.3
Check: dependencies in R code
Result: NOTE
    Namespace in Imports field not imported from: ‘withr’
     All declared Imports should be used.
Flavors: r-devel-linux-x86_64-fedora-clang, r-devel-linux-x86_64-fedora-gcc, r-devel-windows-x86_64-gcc10-UCRT, r-patched-solaris-x86, r-release-macos-x86_64, r-oldrel-macos-x86_64