CRAN Package Check Results for Package ggforce

Last updated on 2020-10-01 21:47:06 CEST.

Flavor Version Tinstall Tcheck Ttotal Status Flags
r-devel-linux-x86_64-debian-clang 0.3.2 109.21 143.50 252.71 OK
r-devel-linux-x86_64-debian-gcc 0.3.2 87.00 105.51 192.51 OK
r-devel-linux-x86_64-fedora-clang 0.3.2 325.97 NOTE
r-devel-linux-x86_64-fedora-gcc 0.3.2 307.13 NOTE
r-devel-windows-ix86+x86_64 0.3.2 224.00 276.00 500.00 OK
r-patched-linux-x86_64 0.3.2 99.29 134.46 233.75 OK
r-patched-solaris-x86 0.3.2 329.60 NOTE
r-release-linux-x86_64 0.3.2 98.67 134.30 232.97 OK
r-release-macos-x86_64 0.3.2 NOTE
r-release-windows-ix86+x86_64 0.3.2 226.00 291.00 517.00 OK
r-oldrel-macos-x86_64 0.3.2 NOTE
r-oldrel-windows-ix86+x86_64 0.3.2 205.00 291.00 496.00 OK

Check Details

Version: 0.3.2
Check: installed package size
Result: NOTE
     installed size is 20.7Mb
     sub-directories of 1Mb or more:
     help 1.1Mb
     libs 18.7Mb
Flavors: r-devel-linux-x86_64-fedora-clang, r-release-macos-x86_64, r-oldrel-macos-x86_64

Version: 0.3.2
Check: dependencies in R code
Result: NOTE
    Namespace in Imports field not imported from: ‘withr’
     All declared Imports should be used.
Flavors: r-devel-linux-x86_64-fedora-clang, r-devel-linux-x86_64-fedora-gcc, r-patched-solaris-x86, r-release-macos-x86_64, r-oldrel-macos-x86_64