Last updated on 2023-10-01 12:58:39 CEST.
Flavor | Version | Tinstall | Tcheck | Ttotal | Status | Flags |
---|---|---|---|---|---|---|
r-devel-linux-x86_64-debian-clang | 0.10.4 | 23.02 | 301.00 | 324.02 | OK | |
r-devel-linux-x86_64-debian-gcc | 0.10.4 | 21.36 | 222.97 | 244.33 | OK | |
r-devel-linux-x86_64-fedora-clang | 0.10.4 | 400.95 | NOTE | |||
r-devel-linux-x86_64-fedora-gcc | 0.10.4 | 428.43 | OK | |||
r-devel-windows-x86_64 | 0.10.4 | 20.00 | 238.00 | 258.00 | OK | |
r-patched-linux-x86_64 | 0.10.4 | 32.94 | 284.09 | 317.03 | OK | |
r-release-linux-x86_64 | 0.10.4 | 16.26 | 296.89 | 313.15 | OK | |
r-release-macos-arm64 | 0.10.4 | 106.00 | OK | |||
r-release-macos-x86_64 | 0.10.4 | 215.00 | OK | |||
r-release-windows-x86_64 | 0.10.4 | 29.00 | 303.00 | 332.00 | OK | |
r-oldrel-macos-arm64 | 0.10.4 | 94.00 | OK | |||
r-oldrel-macos-x86_64 | 0.10.4 | 141.00 | OK | |||
r-oldrel-windows-x86_64 | 0.10.4 | 29.00 | 288.00 | 317.00 | OK |
Version: 0.10.4
Check: Rd cross-references
Result: NOTE
Undeclared package ‘akima’ in Rd xrefs
Flavor: r-devel-linux-x86_64-fedora-clang