CRAN Package Check Results for Package ggformula

Last updated on 2022-10-07 06:53:10 CEST.

Flavor Version Tinstall Tcheck Ttotal Status Flags
r-devel-linux-x86_64-debian-clang 0.10.2 21.84 321.70 343.54 OK
r-devel-linux-x86_64-debian-gcc 0.10.2 19.27 224.46 243.73 OK
r-devel-linux-x86_64-fedora-clang 0.10.2 448.89 NOTE
r-devel-linux-x86_64-fedora-gcc 0.10.2 391.97 OK
r-devel-windows-x86_64 0.10.2 553.00 350.00 903.00 OK
r-patched-linux-x86_64 0.10.2 34.34 278.57 312.91 OK
r-release-linux-x86_64 0.10.2 21.92 278.66 300.58 OK
r-release-macos-arm64 0.10.2 81.00 OK
r-release-macos-x86_64 0.10.2 131.00 OK
r-release-windows-x86_64 0.10.2 590.00 328.00 918.00 OK
r-oldrel-macos-arm64 0.10.2 85.00 OK
r-oldrel-macos-x86_64 0.10.2 129.00 OK
r-oldrel-windows-ix86+x86_64 0.10.2 45.00 316.00 361.00 OK

Check Details

Version: 0.10.2
Check: Rd cross-references
Result: NOTE
    Undeclared packages ‘interp’, ‘quantreg’ in Rd xrefs
Flavor: r-devel-linux-x86_64-fedora-clang