CRAN Package Check Results for Package ggguitar

Last updated on 2019-07-23 15:47:55 CEST.

Flavor Version Tinstall Tcheck Ttotal Status Flags
r-devel-linux-x86_64-debian-clang 0.1.1 1.75 30.61 32.36 NOTE
r-devel-linux-x86_64-debian-gcc 0.1.1 1.50 24.28 25.78 NOTE
r-devel-linux-x86_64-fedora-clang 0.1.1 37.61 NOTE
r-devel-linux-x86_64-fedora-gcc 0.1.1 36.92 NOTE
r-devel-windows-ix86+x86_64 0.1.1 5.00 58.00 63.00 NOTE
r-patched-linux-x86_64 0.1.1 1.78 30.82 32.60 OK
r-patched-solaris-x86 0.1.1 58.60 NOTE
r-release-linux-x86_64 0.1.1 1.66 30.95 32.61 OK
r-release-windows-ix86+x86_64 0.1.1 6.00 38.00 44.00 OK
r-release-osx-x86_64 0.1.1 NOTE
r-oldrel-windows-ix86+x86_64 0.1.1 6.00 62.00 68.00 OK
r-oldrel-osx-x86_64 0.1.1 NOTE

Check Details

Version: 0.1.1
Check: package vignettes
Result: NOTE
    Package vignette with placeholder title 'Vignette Title':
     'my-vignette.Rmd'
Flavors: r-devel-linux-x86_64-debian-clang, r-devel-linux-x86_64-debian-gcc, r-devel-windows-ix86+x86_64

Version: 0.1.1
Check: dependencies in R code
Result: NOTE
    Namespaces in Imports field not imported from:
     ‘gridExtra’ ‘lazyeval’ ‘readr’
     All declared Imports should be used.
Flavors: r-devel-linux-x86_64-fedora-clang, r-devel-linux-x86_64-fedora-gcc, r-patched-solaris-x86, r-release-osx-x86_64, r-oldrel-osx-x86_64