CRAN Package Check Results for Package ggguitar

Last updated on 2020-06-04 03:49:19 CEST.

Flavor Version Tinstall Tcheck Ttotal Status Flags
r-devel-linux-x86_64-debian-clang 0.1.1 2.18 32.75 34.93 NOTE
r-devel-linux-x86_64-debian-gcc 0.1.1 1.76 25.30 27.06 NOTE
r-devel-linux-x86_64-fedora-clang 0.1.1 51.90 NOTE
r-devel-linux-x86_64-fedora-gcc 0.1.1 41.59 NOTE
r-devel-windows-ix86+x86_64 0.1.1 14.00 58.00 72.00 NOTE
r-patched-linux-x86_64 0.1.1 2.21 32.38 34.59 NOTE
r-patched-solaris-x86 0.1.1 65.00 NOTE
r-release-linux-x86_64 0.1.1 2.36 31.87 34.23 NOTE
r-release-osx-x86_64 0.1.1 NOTE
r-release-windows-ix86+x86_64 0.1.1 9.00 42.00 51.00 NOTE
r-oldrel-osx-x86_64 0.1.1 NOTE
r-oldrel-windows-ix86+x86_64 0.1.1 8.00 58.00 66.00 OK

Check Details

Version: 0.1.1
Check: package vignettes
Result: NOTE
    Package vignette with placeholder title 'Vignette Title':
     'my-vignette.Rmd'
Flavors: r-devel-linux-x86_64-debian-clang, r-devel-linux-x86_64-debian-gcc, r-devel-windows-ix86+x86_64, r-patched-linux-x86_64, r-release-linux-x86_64, r-release-windows-ix86+x86_64

Version: 0.1.1
Check: dependencies in R code
Result: NOTE
    Namespaces in Imports field not imported from:
     ‘gridExtra’ ‘lazyeval’ ‘readr’
     All declared Imports should be used.
Flavors: r-devel-linux-x86_64-fedora-clang, r-devel-linux-x86_64-fedora-gcc, r-patched-solaris-x86, r-release-osx-x86_64, r-oldrel-osx-x86_64