CRAN Package Check Results for Package ggguitar

Last updated on 2019-05-19 18:50:19 CEST.

Flavor Version Tinstall Tcheck Ttotal Status Flags
r-devel-linux-x86_64-debian-clang 0.1.1 1.62 30.75 32.37 OK
r-devel-linux-x86_64-debian-gcc 0.1.1 1.34 23.77 25.11 OK
r-devel-linux-x86_64-fedora-clang 0.1.1 37.98 NOTE
r-devel-linux-x86_64-fedora-gcc 0.1.1 35.98 NOTE
r-devel-windows-ix86+x86_64 0.1.1 7.00 56.00 63.00 OK
r-patched-linux-x86_64 0.1.1 1.88 30.94 32.82 OK
r-patched-solaris-x86 0.1.1 54.70 NOTE
r-release-linux-x86_64 0.1.1 1.78 30.49 32.27 OK
r-release-windows-ix86+x86_64 0.1.1 9.00 55.00 64.00 OK
r-release-osx-x86_64 0.1.1 NOTE
r-oldrel-windows-ix86+x86_64 0.1.1 4.00 58.00 62.00 OK
r-oldrel-osx-x86_64 0.1.1 NOTE

Check Details

Version: 0.1.1
Check: dependencies in R code
Result: NOTE
    Namespaces in Imports field not imported from:
     ‘gridExtra’ ‘lazyeval’ ‘readr’
     All declared Imports should be used.
Flavors: r-devel-linux-x86_64-fedora-clang, r-devel-linux-x86_64-fedora-gcc, r-patched-solaris-x86, r-release-osx-x86_64, r-oldrel-osx-x86_64