Last updated on 2025-01-19 03:49:18 CET.
Flavor | Version | Tinstall | Tcheck | Ttotal | Status | Flags |
---|---|---|---|---|---|---|
r-devel-linux-x86_64-debian-clang | 0.1.4 | 5.22 | 53.35 | 58.57 | OK | |
r-devel-linux-x86_64-debian-gcc | 0.1.4 | 3.40 | 38.99 | 42.39 | OK | |
r-devel-linux-x86_64-fedora-clang | 0.1.4 | 94.56 | NOTE | |||
r-devel-linux-x86_64-fedora-gcc | 0.1.4 | 102.03 | NOTE | |||
r-devel-windows-x86_64 | 0.1.4 | 8.00 | 69.00 | 77.00 | OK | |
r-patched-linux-x86_64 | 0.1.4 | 5.60 | 48.91 | 54.51 | OK | |
r-release-linux-x86_64 | 0.1.4 | 6.05 | 49.59 | 55.64 | OK | |
r-release-macos-arm64 | 0.1.4 | 38.00 | OK | |||
r-release-macos-x86_64 | 0.1.4 | 59.00 | OK | |||
r-release-windows-x86_64 | 0.1.4 | 8.00 | 71.00 | 79.00 | OK | |
r-oldrel-macos-arm64 | 0.1.4 | 36.00 | OK | |||
r-oldrel-macos-x86_64 | 0.1.4 | 59.00 | OK | |||
r-oldrel-windows-x86_64 | 0.1.4 | 9.00 | 85.00 | 94.00 | OK |
Version: 0.1.4
Check: dependencies in R code
Result: NOTE
Namespaces in Imports field not imported from:
‘grDevices’ ‘gtable’
All declared Imports should be used.
Flavors: r-devel-linux-x86_64-fedora-clang, r-devel-linux-x86_64-fedora-gcc