Last updated on 2022-06-29 05:53:12 CEST.
Flavor | Version | Tinstall | Tcheck | Ttotal | Status | Flags |
---|---|---|---|---|---|---|
r-devel-linux-x86_64-debian-clang | 0.1.0 | 6.83 | 84.86 | 91.69 | OK | |
r-devel-linux-x86_64-debian-gcc | 0.1.0 | 6.12 | 63.40 | 69.52 | OK | |
r-devel-linux-x86_64-fedora-clang | 0.1.0 | 118.49 | NOTE | |||
r-devel-linux-x86_64-fedora-gcc | 0.1.0 | 119.73 | OK | |||
r-devel-windows-x86_64 | 0.1.0 | 22.00 | 113.00 | 135.00 | OK | |
r-patched-linux-x86_64 | 0.1.0 | 7.44 | 79.48 | 86.92 | OK | |
r-release-linux-x86_64 | 0.1.0 | 5.41 | 81.20 | 86.61 | OK | |
r-release-macos-arm64 | 0.1.0 | 39.00 | OK | |||
r-release-macos-x86_64 | 0.1.0 | 65.00 | OK | |||
r-release-windows-x86_64 | 0.1.0 | 29.00 | 111.00 | 140.00 | OK | |
r-oldrel-macos-arm64 | 0.1.0 | 33.00 | OK | |||
r-oldrel-macos-x86_64 | 0.1.0 | 50.00 | OK | |||
r-oldrel-windows-ix86+x86_64 | 0.1.0 | 18.00 | 105.00 | 123.00 | OK |
Version: 0.1.0
Check: Rd cross-references
Result: NOTE
Undeclared package ‘rlang’ in Rd xrefs
Flavor: r-devel-linux-x86_64-fedora-clang