CRAN Package Check Results for Package ggheatmap

Last updated on 2021-09-20 06:48:49 CEST.

Flavor Version Tinstall Tcheck Ttotal Status Flags
r-devel-linux-x86_64-debian-clang 2.1 7.43 68.87 76.30 OK
r-devel-linux-x86_64-debian-gcc 2.1 6.23 51.08 57.31 OK
r-devel-linux-x86_64-fedora-clang 2.1 99.56 OK
r-devel-linux-x86_64-fedora-gcc 2.1 84.91 OK
r-devel-windows-x86_64 2.1 10.00 62.00 72.00 OK
r-devel-windows-x86_64-gcc10-UCRT 2.1 ERROR
r-patched-linux-x86_64 2.1 13.38 64.28 77.66 OK
r-patched-solaris-x86 2.1 129.80 OK
r-release-linux-x86_64 2.1 7.87 64.19 72.06 OK
r-release-macos-arm64 2.1 OK
r-release-macos-x86_64 2.1 OK
r-release-windows-ix86+x86_64 2.1 21.00 60.00 81.00 OK
r-oldrel-macos-x86_64 2.1 OK
r-oldrel-windows-ix86+x86_64 2.1 20.00 75.00 95.00 OK

Check Details

Version: 2.1
Check: whether package can be installed
Result: WARN
    Found the following significant warnings:
     WARNING: installation-time patches will not be applied, could not get the patches index
Flavor: r-devel-windows-x86_64-gcc10-UCRT

Version: 2.1
Check: PDF version of manual
Result: WARN
    LaTeX errors when creating PDF version.
    This typically indicates Rd problems.
Flavor: r-devel-windows-x86_64-gcc10-UCRT

Version: 2.1
Check: PDF version of manual without hyperrefs or index
Result: ERROR
    Re-running with no redirection of stdout/stderr.
Flavor: r-devel-windows-x86_64-gcc10-UCRT