CRAN Package Check Results for Package gginference

Last updated on 2022-07-02 05:50:58 CEST.

Flavor Version Tinstall Tcheck Ttotal Status Flags
r-devel-linux-x86_64-debian-clang 0.1.3 5.27 61.73 67.00 OK
r-devel-linux-x86_64-debian-gcc 0.1.3 4.96 46.60 51.56 OK
r-devel-linux-x86_64-fedora-clang 0.1.3 91.74 NOTE
r-devel-linux-x86_64-fedora-gcc 0.1.3 88.23 NOTE
r-devel-windows-x86_64 0.1.3 59.00 85.00 144.00 OK
r-patched-linux-x86_64 0.1.3 5.87 59.17 65.04 OK
r-release-linux-x86_64 0.1.3 6.57 57.66 64.23 OK
r-release-macos-arm64 0.1.3 25.00 NOTE
r-release-macos-x86_64 0.1.3 45.00 NOTE
r-release-windows-x86_64 0.1.3 54.00 88.00 142.00 OK
r-oldrel-macos-arm64 0.1.3 28.00 NOTE
r-oldrel-macos-x86_64 0.1.3 44.00 NOTE
r-oldrel-windows-ix86+x86_64 0.1.3 15.00 78.00 93.00 OK

Check Details

Version: 0.1.3
Check: dependencies in R code
Result: NOTE
    Namespace in Imports field not imported from: ‘utils’
     All declared Imports should be used.
Flavors: r-devel-linux-x86_64-fedora-clang, r-devel-linux-x86_64-fedora-gcc, r-release-macos-arm64, r-release-macos-x86_64, r-oldrel-macos-arm64, r-oldrel-macos-x86_64