CRAN Package Check Results for Package gginnards

Last updated on 2019-06-21 01:46:58 CEST.

Flavor Version Tinstall Tcheck Ttotal Status Flags
r-devel-linux-x86_64-debian-clang 0.0.2 3.24 67.53 70.77 OK
r-devel-linux-x86_64-debian-gcc 0.0.2 3.00 52.55 55.55 OK
r-devel-linux-x86_64-fedora-clang 0.0.2 83.79 NOTE
r-devel-linux-x86_64-fedora-gcc 0.0.2 79.43 NOTE
r-devel-windows-ix86+x86_64 0.0.2 16.00 115.00 131.00 OK
r-patched-linux-x86_64 0.0.2 3.38 64.61 67.99 OK
r-patched-solaris-x86 0.0.2 118.60 NOTE
r-release-linux-x86_64 0.0.2 3.18 64.74 67.92 OK
r-release-windows-ix86+x86_64 0.0.2 17.00 109.00 126.00 OK
r-release-osx-x86_64 0.0.2 NOTE
r-oldrel-windows-ix86+x86_64 0.0.2 5.00 123.00 128.00 OK
r-oldrel-osx-x86_64 0.0.2 NOTE

Check Details

Version: 0.0.2
Check: dependencies in R code
Result: NOTE
    Namespace in Imports field not imported from: ‘tibble’
     All declared Imports should be used.
Flavors: r-devel-linux-x86_64-fedora-clang, r-devel-linux-x86_64-fedora-gcc, r-patched-solaris-x86, r-release-osx-x86_64, r-oldrel-osx-x86_64