CRAN Package Check Results for Package gginnards

Last updated on 2020-02-25 08:48:06 CET.

Flavor Version Tinstall Tcheck Ttotal Status Flags
r-devel-linux-x86_64-debian-clang 0.0.3 3.61 75.16 78.77 WARN
r-devel-linux-x86_64-debian-gcc 0.0.3 3.26 61.64 64.90 OK
r-devel-linux-x86_64-fedora-clang 0.0.3 94.90 OK
r-devel-linux-x86_64-fedora-gcc 0.0.3 92.28 OK
r-devel-windows-ix86+x86_64 0.0.3 13.00 86.00 99.00 OK
r-devel-windows-ix86+x86_64-gcc8 0.0.3 20.00 121.00 141.00 OK
r-patched-linux-x86_64 0.0.3 2.63 67.82 70.45 OK
r-patched-solaris-x86 0.0.3 121.00 OK
r-release-linux-x86_64 0.0.3 2.76 68.27 71.03 OK
r-release-windows-ix86+x86_64 0.0.3 11.00 80.00 91.00 OK
r-release-osx-x86_64 0.0.3 OK
r-oldrel-windows-ix86+x86_64 0.0.3 9.00 88.00 97.00 OK
r-oldrel-osx-x86_64 0.0.3 OK

Check Details

Version: 0.0.3
Check: re-building of vignette outputs
Result: WARN
    Error(s) in re-building vignettes:
     ...
    --- re-building 'user-guide-1.Rmd' using rmarkdown
    Quitting from lines 330-333 (user-guide-1.Rmd)
    Error: processing vignette 'user-guide-1.Rmd' failed with diagnostics:
    x must be length 1 or 2
    --- failed re-building 'user-guide-1.Rmd'
    
    --- re-building 'user-guide-2.Rmd' using rmarkdown
    --- finished re-building 'user-guide-2.Rmd'
    
    SUMMARY: processing the following file failed:
     'user-guide-1.Rmd'
    
    Error: Vignette re-building failed.
    Execution halted
Flavor: r-devel-linux-x86_64-debian-clang