CRAN Package Check Results for Package gginnards

Last updated on 2019-03-22 09:50:08 CET.

Flavor Version Tinstall Tcheck Ttotal Status Flags
r-devel-linux-x86_64-debian-clang 0.0.1 3.17 69.10 72.27 OK
r-devel-linux-x86_64-debian-gcc 0.0.1 2.80 53.11 55.91 OK
r-devel-linux-x86_64-fedora-clang 0.0.1 84.59 NOTE
r-devel-linux-x86_64-fedora-gcc 0.0.1 78.74 NOTE
r-devel-windows-ix86+x86_64 0.0.1 13.00 100.00 113.00 OK
r-patched-linux-x86_64 0.0.1 2.11 64.17 66.28 OK
r-patched-solaris-x86 0.0.1 114.50 NOTE
r-release-linux-x86_64 0.0.1 2.41 65.88 68.29 OK
r-release-windows-ix86+x86_64 0.0.1 7.00 72.00 79.00 OK
r-release-osx-x86_64 0.0.1 NOTE
r-oldrel-windows-ix86+x86_64 0.0.1 10.00 130.00 140.00 OK
r-oldrel-osx-x86_64 0.0.1 NOTE

Check Details

Version: 0.0.1
Check: dependencies in R code
Result: NOTE
    Namespaces in Imports field not imported from:
     ‘grid’ ‘tibble’
     All declared Imports should be used.
Flavors: r-devel-linux-x86_64-fedora-clang, r-devel-linux-x86_64-fedora-gcc, r-patched-solaris-x86, r-release-osx-x86_64, r-oldrel-osx-x86_64