CRAN Package Check Results for Package gginnards

Last updated on 2019-01-21 18:48:02 CET.

Flavor Version Tinstall Tcheck Ttotal Status Flags
r-devel-linux-x86_64-debian-clang 0.0.1 1.94 70.04 71.98 OK
r-devel-linux-x86_64-debian-gcc 0.0.1 1.97 54.09 56.06 OK
r-devel-linux-x86_64-fedora-clang 0.0.1 84.97 NOTE
r-devel-linux-x86_64-fedora-gcc 0.0.1 79.71 NOTE
r-devel-windows-ix86+x86_64 0.0.1 10.00 106.00 116.00 OK
r-patched-linux-x86_64 0.0.1 1.95 64.26 66.21 OK
r-patched-solaris-x86 0.0.1 115.90 NOTE
r-release-linux-x86_64 0.0.1 1.86 65.66 67.52 OK
r-release-windows-ix86+x86_64 0.0.1 8.00 103.00 111.00 OK
r-release-osx-x86_64 0.0.1 NOTE
r-oldrel-windows-ix86+x86_64 0.0.1 11.00 98.00 109.00 OK
r-oldrel-osx-x86_64 0.0.1 NOTE

Check Details

Version: 0.0.1
Check: dependencies in R code
Result: NOTE
    Namespaces in Imports field not imported from:
     ‘grid’ ‘tibble’
     All declared Imports should be used.
Flavors: r-devel-linux-x86_64-fedora-clang, r-devel-linux-x86_64-fedora-gcc, r-patched-solaris-x86, r-release-osx-x86_64, r-oldrel-osx-x86_64