CRAN Package Check Results for Package gglasso

Last updated on 2024-06-18 23:49:28 CEST.

Flavor Version Tinstall Tcheck Ttotal Status Flags
r-devel-linux-x86_64-debian-clang 1.5.1 11.43 72.46 83.89 OK
r-devel-linux-x86_64-debian-gcc 1.5.1 8.79 42.83 51.62 OK
r-devel-linux-x86_64-fedora-clang 1.5.1 106.49 NOTE
r-devel-linux-x86_64-fedora-gcc 1.5.1 100.36 OK
r-devel-windows-x86_64 1.5.1 13.00 83.00 96.00 OK
r-patched-linux-x86_64 1.5.1 11.72 54.84 66.56 OK
r-release-linux-x86_64 1.5.1 11.44 54.82 66.26 OK
r-release-macos-arm64 1.5.1 40.00 OK
r-release-macos-x86_64 1.5.1 54.00 OK
r-release-windows-x86_64 1.5.1 12.00 89.00 101.00 OK
r-oldrel-macos-arm64 1.5.1 72.00 OK
r-oldrel-macos-x86_64 1.5.1 129.00 OK
r-oldrel-windows-x86_64 1.5.1 14.00 92.00 106.00 OK

Check Details

Version: 1.5.1
Check: installed package size
Result: NOTE installed size is 5.4Mb sub-directories of 1Mb or more: libs 5.0Mb Flavor: r-devel-linux-x86_64-fedora-clang