CRAN Package Check Results for Package gglogo

Last updated on 2021-04-14 17:47:11 CEST.

Flavor Version Tinstall Tcheck Ttotal Status Flags
r-devel-linux-x86_64-debian-clang 0.1.5 6.01 698.29 704.30 OK
r-devel-linux-x86_64-debian-gcc 0.1.5 5.28 535.62 540.90 OK
r-devel-linux-x86_64-fedora-clang 0.1.5 805.11 NOTE
r-devel-linux-x86_64-fedora-gcc 0.1.5 788.40 NOTE
r-devel-windows-ix86+x86_64 0.1.5 15.00 74.00 89.00 OK --no-vignettes
r-devel-windows-x86_64-gcc10-UCRT 0.1.5 NOTE
r-patched-linux-x86_64 0.1.5 6.27 675.35 681.62 OK
r-patched-solaris-x86 0.1.5 1154.30 NOTE
r-release-linux-x86_64 0.1.5 5.31 675.14 680.45 OK
r-release-macos-x86_64 0.1.5 WARN
r-oldrel-macos-x86_64 0.1.5 WARN
r-oldrel-windows-ix86+x86_64 0.1.5 9.00 54.00 63.00 OK --no-vignettes

Additional issues

M1mac

Check Details

Version: 0.1.5
Check: dependencies in R code
Result: NOTE
    Namespaces in Imports field not imported from:
     ‘knitr’ ‘reshape2’
     All declared Imports should be used.
Flavors: r-devel-linux-x86_64-fedora-clang, r-devel-linux-x86_64-fedora-gcc, r-devel-windows-x86_64-gcc10-UCRT, r-patched-solaris-x86, r-release-macos-x86_64, r-oldrel-macos-x86_64

Version: 0.1.5
Check: re-building of vignette outputs
Result: WARN
    Error(s) in re-building vignettes:
    --- re-building ‘gglogo-alphabet.Rmd’ using rmarkdown
    Warning in engine$weave(file, quiet = quiet, encoding = enc) :
     Pandoc (>= 1.12.3) and/or pandoc-citeproc not available. Falling back to R Markdown v1.
    
    Attaching package: 'gglogo'
    
    The following object is masked from 'package:ggplot2':
    
     fortify
    
    Warning in grid.Call.graphics(C_text, as.graphicsAnnot(x$label), x$x, x$y, :
     no font could be found for family "Garamond"
    Warning in grid.Call.graphics(C_text, as.graphicsAnnot(x$label), x$x, x$y, :
     no font could be found for family "Garamond"
    Warning in grid.Call.graphics(C_text, as.graphicsAnnot(x$label), x$x, x$y, :
     no font could be found for family "Garamond"
    Quitting from lines 45-52 (gglogo-alphabet.Rmd)
    Error: processing vignette 'gglogo-alphabet.Rmd' failed with diagnostics:
    replacement has 1 row, data has 0
    --- failed re-building ‘gglogo-alphabet.Rmd’
    
    SUMMARY: processing the following file failed:
     ‘gglogo-alphabet.Rmd’
    
    Error: Vignette re-building failed.
    Execution halted
Flavors: r-release-macos-x86_64, r-oldrel-macos-x86_64