CRAN Package Check Results for Package ggm

Last updated on 2020-05-31 08:49:48 CEST.

Flavor Version Tinstall Tcheck Ttotal Status Flags
r-devel-linux-x86_64-debian-clang 2.5 9.22 66.88 76.10 OK
r-devel-linux-x86_64-debian-gcc 2.5 7.20 49.26 56.46 OK
r-devel-linux-x86_64-fedora-clang 2.5 88.85 NOTE
r-devel-linux-x86_64-fedora-gcc 2.5 87.75 NOTE
r-devel-windows-ix86+x86_64 2.5 18.00 68.00 86.00 ERROR
r-patched-linux-x86_64 2.5 10.46 64.96 75.42 OK
r-patched-solaris-x86 2.5 113.40 NOTE
r-release-linux-x86_64 2.5 10.37 65.59 75.96 OK
r-release-osx-x86_64 2.5 NOTE
r-release-windows-ix86+x86_64 2.5 12.00 96.00 108.00 OK
r-oldrel-osx-x86_64 2.5 NOTE
r-oldrel-windows-ix86+x86_64 2.5 12.00 71.00 83.00 OK

Check Details

Version: 2.5
Check: dependencies in R code
Result: NOTE
    Namespace in Imports field not imported from: ‘graph’
     All declared Imports should be used.
Flavors: r-devel-linux-x86_64-fedora-clang, r-devel-linux-x86_64-fedora-gcc, r-patched-solaris-x86, r-release-osx-x86_64, r-oldrel-osx-x86_64

Version: 2.5
Check: examples
Result: ERROR
    Running examples in 'ggm-Ex.R' failed
    The error most likely occurred in:
    
    > ### Name: AG
    > ### Title: Ancestral graph
    > ### Aliases: AG
    > ### Keywords: graphs ancestral graph directed acyclic graph marginalization
    > ### and conditioning
    >
    > ### ** Examples
    >
    > ##The adjacency matrix of a DAG
    > ex<-matrix(c(0,0,0,0,0,0,0,0,0,0,0,0,0,0,0,0,
    + 0,0,0,0,0,0,0,0,0,0,0,0,0,0,0,0,
    + 1,1,0,0,0,0,0,0,0,0,0,0,0,0,0,0,
    + 0,0,0,0,0,0,0,0,0,0,0,0,0,0,0,0,
    + 0,0,0,1,0,0,0,0,0,0,0,0,0,0,0,0,
    + 0,1,0,0,1,0,0,0,0,0,0,0,0,0,0,0,
    + 0,0,0,0,0,0,0,0,0,0,0,0,0,0,0,0,
    + 0,0,0,0,0,0,0,0,0,0,0,0,0,0,0,0,
    + 0,0,0,0,0,0,1,1,0,0,0,0,0,0,0,0,
    + 0,0,0,0,0,0,0,1,0,0,0,0,0,0,0,0,
    + 0,0,0,0,1,0,1,0,1,1,0,0,0,0,0,0,
    + 1,0,0,0,0,0,0,0,0,0,0,0,0,0,0,0,
    + 0,0,0,0,0,0,0,0,0,1,0,1,0,0,0,0,
    + 0,0,0,0,0,0,0,0,0,0,0,0,0,0,0,0,
    + 1,0,0,0,0,0,0,0,0,0,0,0,0,1,0,0,
    + 0,0,0,0,0,0,0,0,0,0,0,1,0,1,0,0),16,16,byrow=TRUE)
    > M <- c(3,5,6,15,16)
    > C <- c(4,7)
    > AG(ex, M, C, plot = TRUE)
Flavor: r-devel-windows-ix86+x86_64