CRAN Package Check Results for Package ggmr

Last updated on 2023-06-07 14:00:37 CEST.

Flavor Version Tinstall Tcheck Ttotal Status Flags
r-devel-linux-x86_64-debian-clang 0.1.1 2.42 23.12 25.54 OK
r-devel-linux-x86_64-debian-gcc 0.1.1 1.69 18.75 20.44 OK
r-devel-linux-x86_64-fedora-clang 0.1.1 30.06 NOTE
r-devel-linux-x86_64-fedora-gcc 0.1.1 30.73 OK
r-devel-windows-x86_64 0.1.1 6.00 40.00 46.00 OK
r-patched-linux-x86_64 0.1.1 2.17 21.03 23.20 OK
r-release-linux-x86_64 0.1.1 1.75 21.33 23.08 OK
r-release-macos-arm64 0.1.1 16.00 OK
r-release-macos-x86_64 0.1.1 19.00 OK
r-release-windows-x86_64 0.1.1 3.00 39.00 42.00 OK
r-oldrel-macos-arm64 0.1.1 15.00 OK
r-oldrel-macos-x86_64 0.1.1 19.00 OK
r-oldrel-windows-x86_64 0.1.1 4.00 43.00 47.00 OK

Check Details

Version: 0.1.1
Check: Rd cross-references
Result: NOTE
    Undeclared package ‘dwlm’ in Rd xrefs
Flavor: r-devel-linux-x86_64-fedora-clang