CRAN Package Check Results for Package ggmsa

Last updated on 2020-10-24 05:49:08 CEST.

Flavor Version Tinstall Tcheck Ttotal Status Flags
r-devel-linux-x86_64-debian-clang 0.0.4 15.87 180.87 196.74 OK
r-devel-linux-x86_64-debian-gcc 0.0.4 11.91 132.67 144.58 OK
r-devel-linux-x86_64-fedora-clang 0.0.4 235.30 OK
r-devel-linux-x86_64-fedora-gcc 0.0.4 224.97 OK
r-devel-windows-ix86+x86_64 0.0.4 34.00 265.00 299.00 OK
r-patched-linux-x86_64 0.0.4 14.36 165.12 179.48 OK
r-patched-solaris-x86 0.0.4 342.20 OK
r-release-linux-x86_64 0.0.4 13.08 163.11 176.19 OK
r-release-macos-x86_64 0.0.4 NOTE
r-release-windows-ix86+x86_64 0.0.4 31.00 198.00 229.00 OK
r-oldrel-macos-x86_64 0.0.4 OK
r-oldrel-windows-ix86+x86_64 0.0.4 31.00 246.00 277.00 OK

Check Details

Version: 0.0.4
Check: package dependencies
Result: NOTE
    Package suggested but not available for checking: ‘ggtree’
Flavor: r-release-macos-x86_64