CRAN Package Check Results for Package ggnewscale

Last updated on 2021-05-06 17:47:45 CEST.

Flavor Version Tinstall Tcheck Ttotal Status Flags
r-devel-linux-x86_64-debian-clang 0.4.5 4.07 49.67 53.74 NOTE
r-devel-linux-x86_64-debian-gcc 0.4.5 3.10 36.90 40.00 NOTE
r-devel-linux-x86_64-fedora-clang 0.4.5 72.04 NOTE
r-devel-linux-x86_64-fedora-gcc 0.4.5 65.31 NOTE
r-devel-windows-ix86+x86_64 0.4.5 9.00 68.00 77.00 NOTE
r-devel-windows-x86_64-gcc10-UCRT 0.4.5 NOTE
r-patched-linux-x86_64 0.4.5 3.82 46.40 50.22 NOTE
r-patched-solaris-x86 0.4.5 89.80 OK
r-release-linux-x86_64 0.4.5 3.93 46.03 49.96 OK
r-release-macos-x86_64 0.4.5 OK
r-release-windows-ix86+x86_64 0.4.5 9.00 47.00 56.00 OK
r-oldrel-macos-x86_64 0.4.5 OK
r-oldrel-windows-ix86+x86_64 0.4.5 10.00 70.00 80.00 OK

Check Details

Version: 0.4.5
Check: LazyData
Result: NOTE
     'LazyData' is specified without a 'data' directory
Flavors: r-devel-linux-x86_64-debian-clang, r-devel-linux-x86_64-debian-gcc, r-devel-linux-x86_64-fedora-clang, r-devel-linux-x86_64-fedora-gcc, r-devel-windows-ix86+x86_64, r-devel-windows-x86_64-gcc10-UCRT, r-patched-linux-x86_64