CRAN Package Check Results for Package ggnormalviolin

Last updated on 2023-06-11 02:55:16 CEST.

Flavor Version Tinstall Tcheck Ttotal Status Flags
r-devel-linux-x86_64-debian-clang 0.1.2 4.53 31.39 35.92 NOTE
r-devel-linux-x86_64-debian-gcc 0.1.2 3.67 24.66 28.33 NOTE
r-devel-linux-x86_64-fedora-clang 0.1.2 45.49 NOTE
r-devel-linux-x86_64-fedora-gcc 0.1.2 42.17 NOTE
r-devel-windows-x86_64 0.1.2 6.00 46.00 52.00 NOTE
r-patched-linux-x86_64 0.1.2 9.04 30.15 39.19 NOTE
r-release-linux-x86_64 0.1.2 4.03 29.69 33.72 NOTE
r-release-macos-arm64 0.1.2 20.00 NOTE
r-release-macos-x86_64 0.1.2 26.00 NOTE
r-release-windows-x86_64 0.1.2 7.00 47.00 54.00 NOTE
r-oldrel-macos-arm64 0.1.2 17.00 NOTE
r-oldrel-macos-x86_64 0.1.2 32.00 NOTE
r-oldrel-windows-x86_64 0.1.2 7.00 51.00 58.00 NOTE

Check Details

Version: 0.1.2
Check: LazyData
Result: NOTE
     'LazyData' is specified without a 'data' directory
Flavors: r-devel-linux-x86_64-debian-clang, r-devel-linux-x86_64-debian-gcc, r-devel-linux-x86_64-fedora-clang, r-devel-linux-x86_64-fedora-gcc, r-devel-windows-x86_64, r-patched-linux-x86_64, r-release-linux-x86_64, r-release-macos-arm64, r-release-macos-x86_64, r-release-windows-x86_64, r-oldrel-macos-arm64, r-oldrel-macos-x86_64, r-oldrel-windows-x86_64

Version: 0.1.2
Check: dependencies in R code
Result: NOTE
    Namespaces in Imports field not imported from:
     ‘dplyr’ ‘grid’ ‘scales’
     All declared Imports should be used.
Flavors: r-devel-linux-x86_64-fedora-clang, r-devel-linux-x86_64-fedora-gcc, r-oldrel-macos-arm64, r-oldrel-macos-x86_64