CRAN Package Check Results for Package ggparty

Last updated on 2020-06-04 19:48:56 CEST.

Flavor Version Tinstall Tcheck Ttotal Status Flags
r-devel-linux-x86_64-debian-clang 1.0.0 10.60 230.05 240.65 OK
r-devel-linux-x86_64-debian-gcc 1.0.0 9.39 159.42 168.81 OK
r-devel-linux-x86_64-fedora-clang 1.0.0 283.53 NOTE
r-devel-linux-x86_64-fedora-gcc 1.0.0 264.35 NOTE
r-devel-windows-ix86+x86_64 1.0.0 34.00 297.00 331.00 OK
r-patched-linux-x86_64 1.0.0 10.69 211.94 222.63 OK
r-patched-solaris-x86 1.0.0 341.20 NOTE
r-release-linux-x86_64 1.0.0 10.06 214.61 224.67 OK
r-release-osx-x86_64 1.0.0 NOTE
r-release-windows-ix86+x86_64 1.0.0 22.00 216.00 238.00 OK
r-oldrel-osx-x86_64 1.0.0 NOTE
r-oldrel-windows-ix86+x86_64 1.0.0 28.00 295.00 323.00 OK

Check Details

Version: 1.0.0
Check: dependencies in R code
Result: NOTE
    Namespace in Imports field not imported from: ‘survival’
     All declared Imports should be used.
Flavors: r-devel-linux-x86_64-fedora-clang, r-devel-linux-x86_64-fedora-gcc, r-patched-solaris-x86, r-release-osx-x86_64, r-oldrel-osx-x86_64