CRAN Package Check Results for Package ggparty

Last updated on 2021-03-02 20:47:56 CET.

Flavor Version Tinstall Tcheck Ttotal Status Flags
r-devel-linux-x86_64-debian-clang 1.0.0 OK
r-devel-linux-x86_64-debian-gcc 1.0.0 9.63 167.81 177.44 OK
r-devel-linux-x86_64-fedora-clang 1.0.0 284.91 NOTE
r-devel-linux-x86_64-fedora-gcc 1.0.0 274.20 NOTE
r-devel-windows-ix86+x86_64 1.0.0 26.00 262.00 288.00 OK
r-patched-linux-x86_64 1.0.0 11.40 214.85 226.25 OK
r-patched-solaris-x86 1.0.0 357.40 NOTE
r-release-linux-x86_64 1.0.0 10.01 217.79 227.80 OK
r-release-macos-x86_64 1.0.0 NOTE
r-release-windows-ix86+x86_64 1.0.0 18.00 201.00 219.00 OK
r-oldrel-macos-x86_64 1.0.0 NOTE
r-oldrel-windows-ix86+x86_64 1.0.0 22.00 275.00 297.00 OK

Check Details

Version: 1.0.0
Check: dependencies in R code
Result: NOTE
    Namespace in Imports field not imported from: ‘survival’
     All declared Imports should be used.
Flavors: r-devel-linux-x86_64-fedora-clang, r-devel-linux-x86_64-fedora-gcc, r-patched-solaris-x86, r-release-macos-x86_64, r-oldrel-macos-x86_64